{"id":1098,"date":"2019-08-19T01:51:01","date_gmt":"2019-08-18T23:51:01","guid":{"rendered":"http:\/\/2l-a-velo.com\/?page_id=1098"},"modified":"2022-03-14T11:40:56","modified_gmt":"2022-03-14T10:40:56","slug":"a-chachapoyas","status":"publish","type":"page","link":"https:\/\/2l-a-velo.com\/?page_id=1098","title":{"rendered":"A Chachapoyas"},"content":{"rendered":"\n<div class=\"wp-block-media-text alignwide is-stacked-on-mobile\"><figure class=\"wp-block-media-text__media\"><img loading=\"lazy\" decoding=\"async\" width=\"1024\" height=\"682\" src=\"https:\/\/2l-a-velo.com\/wp-content\/uploads\/2019\/08\/372A3640-1024x682.jpg\" alt=\"\" class=\"wp-image-1144 size-full\" srcset=\"https:\/\/2l-a-velo.com\/wp-content\/uploads\/2019\/08\/372A3640-1024x682.jpg 1024w, https:\/\/2l-a-velo.com\/wp-content\/uploads\/2019\/08\/372A3640-300x200.jpg 300w, https:\/\/2l-a-velo.com\/wp-content\/uploads\/2019\/08\/372A3640-768x512.jpg 768w, https:\/\/2l-a-velo.com\/wp-content\/uploads\/2019\/08\/372A3640-900x600.jpg 900w, https:\/\/2l-a-velo.com\/wp-content\/uploads\/2019\/08\/372A3640-1280x853.jpg 1280w, https:\/\/2l-a-velo.com\/wp-content\/uploads\/2019\/08\/372A3640.jpg 2024w\" sizes=\"auto, (max-width: 1024px) 100vw, 1024px\" \/><\/figure><div class=\"wp-block-media-text__content\">\n<p class=\"has-text-align-center has-larger-font-size\"><strong>Du 13 au 18 ao\u00fbt<\/strong><\/p>\n<\/div><\/div>\n\n\n\n<p class=\"has-small-font-size\"><em>Toujours bloqu\u00e9s \u00e0 Chachapoyas, nous avons profit\u00e9 de la ville et de ses environs. La p\u00e9riode \u00e9tait propice \u00e0 la d\u00e9couverte car c&rsquo;\u00e9tait la semaine pastorale et c&rsquo;est quelque chose dans ces pays !!! Bien s\u00fbr, beaucoup d&rsquo;animations ont trait \u00e0 la religion mais pas que ! Les d\u00e9fil\u00e9s se succ\u00e8dent d&rsquo;un jour \u00e0 l&rsquo;autre. Dans l&rsquo;article pr\u00e9c\u00e9dent, c&rsquo;\u00e9tait le d\u00e9fil\u00e9 des institutions et celui des \u00e9l\u00e8ves d&rsquo;une \u00e9cole. Dans cet article, ce sera une soir\u00e9e consacr\u00e9e au Festival de Danses de Chachapoyas, un d\u00e9fil\u00e9 de mode sur la place de Armas<\/em>, <em>une journ\u00e9e de visite sur le site de Kuelap, un petit tour au Canon del Sonche et, pour cl\u00f4turer cette semaine, l&rsquo;in\u00e9vitable procession du 15 ao\u00fbt ! <\/em><\/p>\n\n\n\n<p class=\"has-text-align-center has-white-color has-text-color has-background has-large-font-size\" style=\"background-color:#03a300\"><strong>Festival de Danses<\/strong><\/p>\n\n\n\n<p class=\"has-small-font-size\"> Quelque chose de non religieux (si,si !), un tr\u00e8s beau spectacle de danses avec des groupes venant du Mexique, de Colombie, d\u2019Equateur et du\u2026 P\u00e9rou bien s\u00fbr ! <\/p>\n\n\n\n<p class=\"has-text-align-center\"><strong>Une petite vid\u00e9o<\/strong><\/p>\n\n\n\n<figure><iframe loading=\"lazy\" width=\"560\" height=\"315\" src=\"https:\/\/www.youtube.com\/embed\/be8X5nw2J-o\" allowfullscreen=\"\"><\/iframe><\/figure>\n\n\n\n<p class=\"has-text-align-center has-white-color has-text-color has-background has-large-font-size\" style=\"background-color:#03a300\"><strong>D\u00e9fil\u00e9 de mode<\/strong><\/p>\n\n\n\n<div class=\"wp-block-media-text alignwide is-stacked-on-mobile\"><figure class=\"wp-block-media-text__media\"><img loading=\"lazy\" decoding=\"async\" width=\"1024\" height=\"682\" src=\"https:\/\/2l-a-velo.com\/wp-content\/uploads\/2019\/08\/372A3802-1024x682.jpg\" alt=\"\" class=\"wp-image-1122 size-full\" srcset=\"https:\/\/2l-a-velo.com\/wp-content\/uploads\/2019\/08\/372A3802-1024x682.jpg 1024w, https:\/\/2l-a-velo.com\/wp-content\/uploads\/2019\/08\/372A3802-300x200.jpg 300w, https:\/\/2l-a-velo.com\/wp-content\/uploads\/2019\/08\/372A3802-768x511.jpg 768w, https:\/\/2l-a-velo.com\/wp-content\/uploads\/2019\/08\/372A3802-900x599.jpg 900w, https:\/\/2l-a-velo.com\/wp-content\/uploads\/2019\/08\/372A3802-1280x852.jpg 1280w, https:\/\/2l-a-velo.com\/wp-content\/uploads\/2019\/08\/372A3802.jpg 2024w\" sizes=\"auto, (max-width: 1024px) 100vw, 1024px\" \/><\/figure><div class=\"wp-block-media-text__content\">\n<p class=\"has-regular-font-size\">Un d\u00e9fil\u00e9 qui n&rsquo;\u00e9tait pas emprunt de religion, c&rsquo;est s\u00fbr !!!<\/p>\n<\/div><\/div>\n\n\n\n<div class=\"wp-block-button aligncenter\"><a class=\"wp-block-button__link has-background\" href=\"https:\/\/photos.google.com\/share\/AF1QipPecXfh54Pcksa2okG9OM7cL7-RDJl2Svwu9WCqyHJSJO-SOyJI9f85Ix-WlrX4yg\/photo\/AF1QipOpAWqkuMUp3hVjpAY1_57QGbINOWJ_WCj0KOYn?key=TWNsUi11Q3IyS0VIUjk3NFUtVkp3cmJ6M3hpVV93\" style=\"background-color:#0674a4\">Quelques photos (cliquez)<\/a><\/div>\n\n\n\n<p class=\"has-text-align-center has-white-color has-text-color has-background has-large-font-size\" style=\"background-color:#03a300\"><strong>KUELAP<\/strong><\/p>\n\n\n\n<p class=\"has-small-font-size\">La forteresse de Kuelap est situ\u00e9 \u00e0 3 000 m d&rsquo;altitude. Ce matin, le mot Chachapoyas qui signifie \u00ab\u00a0Guerrier des nuages\u00a0\u00bb prend toute sa signification car effectivement, m\u00eame si nous ne sommes pas des guerriers, nous y sommes dans les nuages, avec m\u00eame quelques gouttes de pluie. Mais qu&rsquo;importe, apr\u00e8s avoir pris le t\u00e9l\u00e9cabine, le seul du P\u00e9rou, construit par POMA, soci\u00e9t\u00e9 fran\u00e7aise, nous arrivons sur le site. Une vingtaine de minutes de marche et nous sommes devant l&rsquo;entr\u00e9e de cette forteresse aux murs impressionnants. A l&rsquo;int\u00e9rieur, pratiquement un peu plus de 300 constructions, majoritairement cylindriques, occupent les diff\u00e9rentes plates-formes. Ce sont principalement les familles les plus ais\u00e9es du peuple Chachapoyas qui occupaient Kuelap pour \u00eatre plus pr\u00e8s du ciel ! C&rsquo;\u00e9tait aussi un lieu religieux important o\u00f9 eurent lieu de nombreux sacrifices.<\/p>\n\n\n\n<p class=\"has-small-font-size\">Le site est superbe m\u00eame sous la grisaille et nous d\u00e9ambulons au milieu des ruines envahies de v\u00e9g\u00e9tation, en suivant le circuit mis en place pour d\u00e9couvrir la cit\u00e9. On peut regretter que toutes les agences organisatrices de cette visite arrivent en m\u00eame temps car c&rsquo;est un peu la foule l\u00e0-haut !<\/p>\n\n\n\n<div class=\"wp-block-button aligncenter\"><a class=\"wp-block-button__link has-background\" href=\"https:\/\/photos.google.com\/share\/AF1QipOYmX7ngVG8SPWuXSa-zfc9bry4V_4eYAg0XmU3rMTGtTaa0bKIEYMBY0rGDQRX4A\/photo\/AF1QipNC6_xwr78oUBe3NESH0xVvq3poph9gpSdsbRGu?key=ZnpXN01fNVRqU2pEcHBqeTBoTk0xYlcwMkJvQmJR\" style=\"background-color:#0373a4\">Quelques photos (cliquez)<\/a><\/div>\n\n\n\n<p class=\"has-text-align-center has-white-color has-text-color has-background has-large-font-size\" style=\"background-color:#03a300\"><strong>Le Canon del Sonche<\/strong><\/p>\n\n\n\n<div class=\"wp-block-media-text alignwide is-stacked-on-mobile\"><figure class=\"wp-block-media-text__media\"><img loading=\"lazy\" decoding=\"async\" width=\"1024\" height=\"682\" src=\"https:\/\/2l-a-velo.com\/wp-content\/uploads\/2019\/08\/P1037532-1024x682.jpg\" alt=\"\" class=\"wp-image-1136 size-full\" srcset=\"https:\/\/2l-a-velo.com\/wp-content\/uploads\/2019\/08\/P1037532-1024x682.jpg 1024w, https:\/\/2l-a-velo.com\/wp-content\/uploads\/2019\/08\/P1037532-300x200.jpg 300w, https:\/\/2l-a-velo.com\/wp-content\/uploads\/2019\/08\/P1037532-768x512.jpg 768w, https:\/\/2l-a-velo.com\/wp-content\/uploads\/2019\/08\/P1037532-900x600.jpg 900w, https:\/\/2l-a-velo.com\/wp-content\/uploads\/2019\/08\/P1037532-1280x853.jpg 1280w, https:\/\/2l-a-velo.com\/wp-content\/uploads\/2019\/08\/P1037532.jpg 2024w\" sizes=\"auto, (max-width: 1024px) 100vw, 1024px\" \/><\/figure><div class=\"wp-block-media-text__content\">\n<p class=\"has-small-font-size\">\n\nPartis d\u00e9couvrir le Canon del Sonche \u00e0 six kilom\u00e8tres de Chachapoyas, le temps moyen ne nous incita pas \u00e0 faire beaucoup de photos, ni \u00e0 y passer la journ\u00e9e. \n\n<\/p>\n<\/div><\/div>\n\n\n\n<p class=\"has-small-font-size\">Alors retour \u00e0 Chachapoyas. Nous d\u00e9cidons de prendre un taxi. A l&rsquo;arr\u00eat du village de Huancas, avec une douzaine de personnes nous attendons vainement un taxi ou autre v\u00e9hicule ! Arrive enfin un minibus ramenant les enfants de l&rsquo;\u00e9cole. Une partie des enfants descendent, aussit\u00f4t remplac\u00e9s par les personnes qui attendaient, nous compris. Et tout le monde de s&rsquo;entasser sur des si\u00e8ges dans un \u00e9tat&#8230; comme le reste du v\u00e9hicule d&rsquo;ailleurs. Comme il faut encore d\u00e9poser chez eux quelques enfants, c&rsquo;est parti pour un tour sur des pistes caillouteuses dans un v\u00e9hicule brinquebalant et bruyant, entass\u00e9s comme des sardines. Ensuite, on rejoint la piste menant \u00e0 Chachapoyas. Sur le bord de cette piste, une femme attend avec un \u00e9norme ballot et une grosse bouteille&#8230; de gaz ! Nous sommes un peu inquiets : o\u00f9 va-t-on pouvoir mettre \u00e7a ? Le chauffeur, qui d&rsquo;ailleurs est une \u00ab\u00a0chauffeuse\u00a0\u00bb, stoppe le v\u00e9hicule et descend. Elle ouvre une fen\u00eatre et quelle n&rsquo;est pas notre surprise de voir un pied de la conductrice&#8230; sur le rebord de la dite fen\u00eatre. En fait, les bagages vont sur le toit mais comme il n&rsquo;y a pas d&rsquo;\u00e9chelle, on pose un pied sur la roue, l&rsquo;autre sur le bord de la fen\u00eatre et hop ! on grimpe sur le toit ! On arrivera bien \u00e0 Chachapoyas apr\u00e8s avoir \u00e9t\u00e9 pas mal secou\u00e9s car le minibus allait bon train !!!<\/p>\n\n\n\n<div class=\"wp-block-button aligncenter\"><a class=\"wp-block-button__link has-background\" href=\"https:\/\/photos.google.com\/share\/AF1QipNtKh6CTHC8yeRsyQANURUkGnb0tUJvjFz4nylqD4fhjqr_F71CS9_bBCBW9ZRAdg\/photo\/AF1QipN1tznfT2m7GBSEasuJasJSxj0F3uInx9G92OvS?key=dnlHQXJCQVBCQnEzNjRXaUYyYXJVUnNUXzNxTkZR\" style=\"background-color:#0574a4\">Quelques photos (cliquez)<\/a><\/div>\n\n\n\n<p class=\"has-small-font-size\">Notons qu&rsquo;au passage, on passe devant un \u00e9tablissement p\u00e9nitentiaire et on peut remarquer \u00e0 l&rsquo;entr\u00e9e que les familles des d\u00e9tenus leur apportent diff\u00e9rents produits et notamment du papier toilette. Ces gens viennent en  minibus et repartent de m\u00eame apr\u00e8s avoir, on suppose, vu leur parent d\u00e9tenu ! Une dr\u00f4le d&rsquo;ambiance ! <\/p>\n\n\n\n<p class=\"has-text-align-center has-white-color has-text-color has-background has-large-font-size\" style=\"background-color:#03a300\"><strong>Le 15 ao\u00fbt, f\u00eate de la vierge<\/strong><\/p>\n\n\n\n<p class=\"has-small-font-size\">C&rsquo;est le grand jour pour les P\u00e9ruviens. Dans ce pays, profond\u00e9ment catholique, la f\u00eate de la vierge prend une grande importance. C&rsquo;est, pour eux, l&rsquo;apoth\u00e9ose de cette semaine pastorale avec la procession autour de la Plaza de Armas. Et pour que la f\u00eate soit compl\u00e8te, les rues des quatre c\u00f4t\u00e9s de la place sont d\u00e9cor\u00e9s de v\u00e9ritables \u0153uvres d&rsquo;art sur le sol. R\u00e9alis\u00e9es par les habitants, qui y travaillent depuis le lever du jour, ils n&rsquo;utilisent que des produits naturels teint\u00e9s (terre, riz, sciure, sable, fleurs&#8230;). Tous les motifs sont religieux bien s\u00fbr, et il est int\u00e9ressant de voir que m\u00eame les administrations (police, mairie, minist\u00e8re public, h\u00f4pital&#8230;) participent \u00e0 ces r\u00e9alisations preuve que la religion et l&rsquo;\u00e9tat sont particuli\u00e8rement proches au P\u00e9rou. Malheureusement, ces \u0153uvres seront \u00e9ph\u00e9m\u00e8res et dispara\u00eetront sous les pas des processionnaires !!!!!<\/p>\n\n\n\n<div class=\"wp-block-button aligncenter\"><a class=\"wp-block-button__link has-background\" href=\"https:\/\/photos.google.com\/share\/AF1QipN5OOvYJNHRWn7_5xFsTVvcSUNloShzflJzN8ghwDFkcZBjgIq6UKipyibP0Sfycw\/photo\/AF1QipO_SUYrV387W1zsN5kWZ0bFSZJ4ALzjZZpzdDCa?key=TTlKajdxQXhDMWdNSGhZOWgtNk5HV0h6dU1uanJ3\" style=\"background-color:#0372a2\">Quelques photos (cliquez)<\/a><\/div>\n\n\n\n<p class=\"has-text-align-center\"><strong>Une petite vid\u00e9o<\/strong><\/p>\n\n\n\n<figure><iframe loading=\"lazy\" width=\"560\" height=\"315\" src=\"https:\/\/www.youtube.com\/embed\/0224SanckPg\" allowfullscreen=\"\"><\/iframe><\/figure>\n\n\n\n<p class=\"has-text-align-center has-white-color has-text-color has-background has-large-font-size\" style=\"background-color:#03a300\"><strong>Au d\u00e9tour des rues<\/strong><\/p>\n\n\n\n<p class=\"has-small-font-size\">Nous nous sommes beaucoup balad\u00e9s dans les rues de Chachapoyas. C&rsquo;est une ville tr\u00e8s agr\u00e9able et tr\u00e8s anim\u00e9e. Comme nous avions du temps, nous avons profit\u00e9 des caf\u00e9s et restaurants de la ville : les traditionnels (pas chers et simples), les \u00ab\u00a0occidentalis\u00e9s\u00a0\u00bb (plus chers mais plats plus recherch\u00e9s) et les d\u00e9cevants (dont on ne dira rien) !<\/p>\n\n\n\n<p class=\"has-small-font-size\">En montant au Mirador, nous nous sommes attard\u00e9s avec les artistes sculpteurs qui restaurent l&rsquo;escalier qui y conduit.<\/p>\n\n\n\n<div class=\"wp-block-button aligncenter\"><a class=\"wp-block-button__link has-background\" href=\"https:\/\/photos.google.com\/share\/AF1QipN68vdxhfqq6yCNHLl-m98dqvPQNqolJt9tgBQ4I_SX8j7BRlaXB-fZ2yzNyTxPRw\/photo\/AF1QipNABSYRqz6oehOsfPnRj3j8UJwFJ28BYkrbGs57?key=Vi1ubk9lWnkyRnpCNXVKc1puZzVwZ1N0alowd1ZB\" style=\"background-color:#0371a0\">Quelques photos (cliquez)<\/a><\/div>\n","protected":false},"excerpt":{"rendered":"<p>Du 13 au 18 ao\u00fbt Toujours bloqu\u00e9s \u00e0 Chachapoyas, nous avons profit\u00e9 de la ville et de ses environs. La p\u00e9riode \u00e9tait propice \u00e0 la d\u00e9couverte car c&rsquo;\u00e9tait la semaine pastorale et c&rsquo;est quelque chose dans ces pays !!! Bien s\u00fbr, beaucoup d&rsquo;animations ont trait \u00e0 la religion mais pas que ! Les d\u00e9fil\u00e9s se [&hellip;]<\/p>\n","protected":false},"author":1,"featured_media":0,"parent":126,"menu_order":2,"comment_status":"open","ping_status":"closed","template":"","meta":{"jetpack_post_was_ever_published":false,"footnotes":""},"class_list":["post-1098","page","type-page","status-publish","hentry"],"jetpack_likes_enabled":true,"jetpack_sharing_enabled":true,"_links":{"self":[{"href":"https:\/\/2l-a-velo.com\/index.php?rest_route=\/wp\/v2\/pages\/1098","targetHints":{"allow":["GET"]}}],"collection":[{"href":"https:\/\/2l-a-velo.com\/index.php?rest_route=\/wp\/v2\/pages"}],"about":[{"href":"https:\/\/2l-a-velo.com\/index.php?rest_route=\/wp\/v2\/types\/page"}],"author":[{"embeddable":true,"href":"https:\/\/2l-a-velo.com\/index.php?rest_route=\/wp\/v2\/users\/1"}],"replies":[{"embeddable":true,"href":"https:\/\/2l-a-velo.com\/index.php?rest_route=%2Fwp%2Fv2%2Fcomments&post=1098"}],"version-history":[{"count":57,"href":"https:\/\/2l-a-velo.com\/index.php?rest_route=\/wp\/v2\/pages\/1098\/revisions"}],"predecessor-version":[{"id":4769,"href":"https:\/\/2l-a-velo.com\/index.php?rest_route=\/wp\/v2\/pages\/1098\/revisions\/4769"}],"up":[{"embeddable":true,"href":"https:\/\/2l-a-velo.com\/index.php?rest_route=\/wp\/v2\/pages\/126"}],"wp:attachment":[{"href":"https:\/\/2l-a-velo.com\/index.php?rest_route=%2Fwp%2Fv2%2Fmedia&parent=1098"}],"curies":[{"name":"wp","href":"https:\/\/api.w.org\/{rel}","templated":true}]}}