{"id":2522,"date":"2020-01-06T19:52:59","date_gmt":"2020-01-06T18:52:59","guid":{"rendered":"http:\/\/2l-a-velo.com\/?page_id=2522"},"modified":"2022-03-08T11:18:04","modified_gmt":"2022-03-08T10:18:04","slug":"de-valparaiso-a-cabrero","status":"publish","type":"page","link":"https:\/\/2l-a-velo.com\/?page_id=2522","title":{"rendered":"De Valparaiso \u00e0 Cabrero"},"content":{"rendered":"\n<div class=\"wp-block-media-text alignwide is-stacked-on-mobile\"><figure class=\"wp-block-media-text__media\"><img loading=\"lazy\" decoding=\"async\" width=\"1024\" height=\"682\" src=\"https:\/\/2l-a-velo.com\/wp-content\/uploads\/2020\/01\/372A9864-1024x682.jpg\" alt=\"\" class=\"wp-image-2600 size-full\" srcset=\"https:\/\/2l-a-velo.com\/wp-content\/uploads\/2020\/01\/372A9864-1024x682.jpg 1024w, https:\/\/2l-a-velo.com\/wp-content\/uploads\/2020\/01\/372A9864-300x200.jpg 300w, https:\/\/2l-a-velo.com\/wp-content\/uploads\/2020\/01\/372A9864-768x512.jpg 768w, https:\/\/2l-a-velo.com\/wp-content\/uploads\/2020\/01\/372A9864-900x600.jpg 900w, https:\/\/2l-a-velo.com\/wp-content\/uploads\/2020\/01\/372A9864-1280x853.jpg 1280w, https:\/\/2l-a-velo.com\/wp-content\/uploads\/2020\/01\/372A9864.jpg 2024w\" sizes=\"auto, (max-width: 1024px) 100vw, 1024px\" \/><\/figure><div class=\"wp-block-media-text__content\">\n<p class=\"has-text-align-center has-large-font-size\"><strong>Du 26 d\u00e9cembre au 4 janvier<\/strong><\/p>\n<\/div><\/div>\n\n\n\n<div class=\"wp-block-media-text alignwide has-media-on-the-right is-stacked-on-mobile\"><figure class=\"wp-block-media-text__media\"><img loading=\"lazy\" decoding=\"async\" width=\"1024\" height=\"682\" src=\"https:\/\/2l-a-velo.com\/wp-content\/uploads\/2020\/01\/372A9360-2-1024x682.jpg\" alt=\"\" class=\"wp-image-2603 size-full\" srcset=\"https:\/\/2l-a-velo.com\/wp-content\/uploads\/2020\/01\/372A9360-2-1024x682.jpg 1024w, https:\/\/2l-a-velo.com\/wp-content\/uploads\/2020\/01\/372A9360-2-300x200.jpg 300w, https:\/\/2l-a-velo.com\/wp-content\/uploads\/2020\/01\/372A9360-2-768x512.jpg 768w, https:\/\/2l-a-velo.com\/wp-content\/uploads\/2020\/01\/372A9360-2-900x600.jpg 900w, https:\/\/2l-a-velo.com\/wp-content\/uploads\/2020\/01\/372A9360-2-1280x853.jpg 1280w, https:\/\/2l-a-velo.com\/wp-content\/uploads\/2020\/01\/372A9360-2.jpg 2024w\" sizes=\"auto, (max-width: 1024px) 100vw, 1024px\" \/><\/figure><div class=\"wp-block-media-text__content\">\n<p class=\"has-text-align-center has-text-color has-background has-large-font-size\" style=\"background-color:#4ee84b;color:#f80616\"><strong>Les 2 L vous souhaitent&#8230; <\/strong><\/p>\n<\/div><\/div>\n\n\n\n<div class=\"wp-block-media-text alignwide is-stacked-on-mobile\"><figure class=\"wp-block-media-text__media\"><img loading=\"lazy\" decoding=\"async\" width=\"1024\" height=\"682\" src=\"https:\/\/2l-a-velo.com\/wp-content\/uploads\/2020\/01\/P1084681-1024x682.jpg\" alt=\"\" class=\"wp-image-2604 size-full\" srcset=\"https:\/\/2l-a-velo.com\/wp-content\/uploads\/2020\/01\/P1084681-1024x682.jpg 1024w, https:\/\/2l-a-velo.com\/wp-content\/uploads\/2020\/01\/P1084681-300x200.jpg 300w, https:\/\/2l-a-velo.com\/wp-content\/uploads\/2020\/01\/P1084681-768x512.jpg 768w, https:\/\/2l-a-velo.com\/wp-content\/uploads\/2020\/01\/P1084681-900x600.jpg 900w, https:\/\/2l-a-velo.com\/wp-content\/uploads\/2020\/01\/P1084681-1280x853.jpg 1280w, https:\/\/2l-a-velo.com\/wp-content\/uploads\/2020\/01\/P1084681.jpg 2024w\" sizes=\"auto, (max-width: 1024px) 100vw, 1024px\" \/><\/figure><div class=\"wp-block-media-text__content\">\n<p class=\"has-text-align-center has-text-color has-background has-large-font-size\" style=\"background-color:#4ee84b;color:#f80616\"><strong>une bonne ann\u00e9e 2020<\/strong><\/p>\n<\/div><\/div>\n\n\n\n<p class=\"has-text-align-center has-larger-font-size\"><strong>La Ruta del Mar<\/strong><\/p>\n\n\n\n<p class=\"has-small-font-size\"><em>Nous l&rsquo;avons parcourue de Valparaiso \u00e0 Coelemu. Deux constantes sur cette route : elle monte et descend sans arr\u00eat, des montagnes russes aux mont\u00e9es souvent soutenues (entre 7% et 10%), ensuite elle ne suit pas toujours la mer contrairement \u00e0 ce que l&rsquo;on pourrait croire !<\/em> <em>Nous y avons parcouru 680 km !<\/em><\/p>\n\n\n\n<p class=\"has-text-align-center has-white-color has-text-color has-background has-large-font-size\" style=\"background-color:#05b717\"><strong>De Valparaiso \u00e0 Pichilemu<\/strong><\/p>\n\n\n\n<p class=\"has-small-font-size\">De valparaiso \u00e0 El Tablo, nous parcourons trente kilom\u00e8tres d&rsquo;autoroute que nous quittons sans regret pour emprunter une belle route calme bord\u00e9e d&rsquo;eucalyptus. Au camping d&rsquo;El Tablo, comme nous sommes \u00e0 v\u00e9lo, ce sera gratuit !<\/p>\n\n\n\n<p class=\"has-small-font-size\">Apr\u00e8s El Tablo, nous longeons peu ou prou le bord de mer, notamment au niveau du joli petit village de Cartag\u00e8ne, avant de gagner San Antonio, premier port du Chili. On y prend un caf\u00e9 sur le port, bien agr\u00e9able ! <\/p>\n\n\n\n<div class=\"wp-block-media-text alignwide has-media-on-the-right is-stacked-on-mobile\"><figure class=\"wp-block-media-text__media\"><img loading=\"lazy\" decoding=\"async\" width=\"1024\" height=\"682\" src=\"https:\/\/2l-a-velo.com\/wp-content\/uploads\/2020\/01\/372A9656-1024x682.jpg\" alt=\"\" class=\"wp-image-2561 size-full\" srcset=\"https:\/\/2l-a-velo.com\/wp-content\/uploads\/2020\/01\/372A9656-1024x682.jpg 1024w, https:\/\/2l-a-velo.com\/wp-content\/uploads\/2020\/01\/372A9656-300x200.jpg 300w, https:\/\/2l-a-velo.com\/wp-content\/uploads\/2020\/01\/372A9656-768x512.jpg 768w, https:\/\/2l-a-velo.com\/wp-content\/uploads\/2020\/01\/372A9656-900x600.jpg 900w, https:\/\/2l-a-velo.com\/wp-content\/uploads\/2020\/01\/372A9656-1280x853.jpg 1280w, https:\/\/2l-a-velo.com\/wp-content\/uploads\/2020\/01\/372A9656.jpg 2024w\" sizes=\"auto, (max-width: 1024px) 100vw, 1024px\" \/><\/figure><div class=\"wp-block-media-text__content\">\n<p class=\"has-small-font-size\">La construction du port de San Antonio a d\u00e9but\u00e9 en 1910. Actuellement, il dispose de quatre terminaux. Un pour le fret g\u00e9n\u00e9ral, un pour le fret en vrac, un pour les produits chimiques et enfin un terminal conteneurs<\/p>\n<\/div><\/div>\n\n\n\n<p class=\"has-small-font-size\">Ensuite, ce sera une route infernale et dangereuse emprunt\u00e9e par de nombreux camions avec une bande d&rsquo;urgence ne permettant pas le p\u00e9dalage. Cette route est bord\u00e9e de cultures, notamment d&rsquo;avocatiers et de vignes. Nous la quitterons pour prendre la direction de Rapel sur une route sans grand int\u00e9r\u00eat. A Rapel, nous nous dirigeons vers le camping municipal qui est ferm\u00e9. On accepte malgr\u00e9 tout notre pr\u00e9sence, et notre tente, et l&rsquo;on dispose d&rsquo;un WC et d&rsquo;une douche (froide), et tout cela gratuitement ! Peut-\u00eatre qu&rsquo;au Chili, les campings sont gratuits !!! Puis les paysages deviennent moins beaux, la route est bord\u00e9e de cultures : \u00e0 part les avocats et la vigne, on trouve aussi des amandiers et des fraisiers. Petit \u00e0 petit, la for\u00eat fait son apparition avec son corollaire de camions charg\u00e9s de grumes. Avant Pichilemu, la circulation devient dense, nous sommes samedi et nous pensons, vu le chargement des voitures, qu&rsquo;il s&rsquo;agit d&rsquo;un d\u00e9part en vacances. Pichilemu est une station baln\u00e9aire tr\u00e8s jolie. Les maisons sont majoritairement en bois, ce que l&rsquo;on retrouvera tout le long de la Ruta del Mar. Pichilemu est aussi baptis\u00e9 \u00ab\u00a0Capitale mondiale du surf\u00a0\u00bb. Bon, il y a bien des surfeurs mais il nous semble que les Chiliens r\u00eavent un peu !!! <\/p>\n\n\n\n<div class=\"wp-block-media-text alignwide is-stacked-on-mobile\"><figure class=\"wp-block-media-text__media\"><img loading=\"lazy\" decoding=\"async\" width=\"1024\" height=\"682\" src=\"https:\/\/2l-a-velo.com\/wp-content\/uploads\/2020\/01\/P1094881-1024x682.jpg\" alt=\"\" class=\"wp-image-2563 size-full\" srcset=\"https:\/\/2l-a-velo.com\/wp-content\/uploads\/2020\/01\/P1094881-1024x682.jpg 1024w, https:\/\/2l-a-velo.com\/wp-content\/uploads\/2020\/01\/P1094881-300x200.jpg 300w, https:\/\/2l-a-velo.com\/wp-content\/uploads\/2020\/01\/P1094881-768x512.jpg 768w, https:\/\/2l-a-velo.com\/wp-content\/uploads\/2020\/01\/P1094881-900x600.jpg 900w, https:\/\/2l-a-velo.com\/wp-content\/uploads\/2020\/01\/P1094881-1280x853.jpg 1280w, https:\/\/2l-a-velo.com\/wp-content\/uploads\/2020\/01\/P1094881.jpg 2024w\" sizes=\"auto, (max-width: 1024px) 100vw, 1024px\" \/><\/figure><div class=\"wp-block-media-text__content\">\n<p class=\"has-small-font-size\"> Une autre particularit\u00e9 que l&rsquo;on trouvera le long de cette c\u00f4te ce sont les bateaux de p\u00eache. Ici pas de ports, au sens o\u00f9 nous l&rsquo;entendons. Les bateaux \u00e0 fond plat sont \u00e9chou\u00e9s sur le sable des plages. La mise \u00e0 l&rsquo;eau et la mise au sec se font \u00e0 l&rsquo;aide d&rsquo;un tracteur, surprenant !!! <\/p>\n<\/div><\/div>\n\n\n\n<div class=\"wp-block-button aligncenter\"><a class=\"wp-block-button__link has-background\" href=\"https:\/\/photos.google.com\/share\/AF1QipOdbX4eY6riL7idvnkshC2SC2pfKdY56pCnpb3RPNT1xbxnM1rTrKLPuShTjAxvkg\/photo\/AF1QipNjiHrchbVwMP9-lM9Vm-ppSWbHF-l39qchACg3?key=MkQ0RWhZNDJyd1l4bHpFQW9iOF9iM1ZvaW5aa1lB\" style=\"background-color:#0378aa\">Album photo de  Valparaiso \u00e0 Pichelemu (cliquez)<\/a><\/div>\n\n\n\n<p class=\"has-text-align-center has-white-color has-text-color has-background has-large-font-size\" style=\"background-color:#05b717\"><strong>De Pichilemu \u00e0 Constitution<\/strong><\/p>\n\n\n\n<p class=\"has-small-font-size\">La Ruta del Mar se poursuit dans une for\u00eat de pins et d&rsquo;eucalyptus. Nous voyons peu la mer que nous retrouverons \u00e0 Bucalemu. Sur la plage, une multitude de petites tentes color\u00e9es. Non, ce n&rsquo;est pas le camping, mais, ici, il ne fait pas chaud malgr\u00e9 le soleil car le vent est froid, aussi on se prot\u00e8ge. Le camping de Bucalemu est assez particulier. Il faut demander la cl\u00e9 aux WC, douches publics sur le parking de la plage. Le terrain est juste \u00e0 c\u00f4t\u00e9. Pour la nuit, on vous confie les cl\u00e9s des douches, WC publics afin que vous puissiez les utiliser. Finalement, il est sympa ce camping ! La route jusqu&rsquo;\u00e0 Boyeruca est asphalt\u00e9e. <\/p>\n\n\n\n<div class=\"wp-block-media-text alignwide has-media-on-the-right is-stacked-on-mobile\"><figure class=\"wp-block-media-text__media\"><img loading=\"lazy\" decoding=\"async\" width=\"1024\" height=\"682\" src=\"https:\/\/2l-a-velo.com\/wp-content\/uploads\/2020\/01\/372A9811-1024x682.jpg\" alt=\"\" class=\"wp-image-2565 size-full\" srcset=\"https:\/\/2l-a-velo.com\/wp-content\/uploads\/2020\/01\/372A9811-1024x682.jpg 1024w, https:\/\/2l-a-velo.com\/wp-content\/uploads\/2020\/01\/372A9811-300x200.jpg 300w, https:\/\/2l-a-velo.com\/wp-content\/uploads\/2020\/01\/372A9811-768x512.jpg 768w, https:\/\/2l-a-velo.com\/wp-content\/uploads\/2020\/01\/372A9811-900x600.jpg 900w, https:\/\/2l-a-velo.com\/wp-content\/uploads\/2020\/01\/372A9811-1280x853.jpg 1280w, https:\/\/2l-a-velo.com\/wp-content\/uploads\/2020\/01\/372A9811.jpg 2024w\" sizes=\"auto, (max-width: 1024px) 100vw, 1024px\" \/><\/figure><div class=\"wp-block-media-text__content\">\n<p class=\"has-small-font-size\"> Nous sommes vraiment surpris quand, au d\u00e9tour d&rsquo;un virage, nous d\u00e9couvrons les marais salants de La Valvida. Ils ont beaucoup de ressemblances avec ceux de Gu\u00e9rande ou de Noirmoutier.<\/p>\n<\/div><\/div>\n\n\n\n<p class=\"has-small-font-size\"> Juste vant Boyeruca, piste \u00e0 gauche. Et bien, m\u00eame en mettant tout \u00e0 gauche sur le v\u00e9lo, impossible de monter, il faut descendre et pousser, et m\u00eame pousser \u00e0 deux, la pente avoisinant les 20 % !!! Cela durera quelques kilom\u00e8tres : nous poussons, nous poussons \u00e0 deux, nous roulons un peu&#8230; et on recommence ! Heureusement la piste est bonne durant la mont\u00e9e ce qui ne sera pas le cas de la descente sur Llico avec l&rsquo;apparition de la calamina. Apr\u00e8s Llico, nouvelle piste pentue et assez mauvaise, on pousse un peu. Nous remarquons que toute cette r\u00e9gion est extr\u00eamement s\u00e8che, il y pleut rarement.<\/p>\n\n\n\n<div class=\"wp-block-media-text alignwide is-stacked-on-mobile\"><figure class=\"wp-block-media-text__media\"><img loading=\"lazy\" decoding=\"async\" width=\"1024\" height=\"682\" src=\"https:\/\/2l-a-velo.com\/wp-content\/uploads\/2020\/01\/P1095040-1024x682.jpg\" alt=\"\" class=\"wp-image-2567 size-full\" srcset=\"https:\/\/2l-a-velo.com\/wp-content\/uploads\/2020\/01\/P1095040-1024x682.jpg 1024w, https:\/\/2l-a-velo.com\/wp-content\/uploads\/2020\/01\/P1095040-300x200.jpg 300w, https:\/\/2l-a-velo.com\/wp-content\/uploads\/2020\/01\/P1095040-768x512.jpg 768w, https:\/\/2l-a-velo.com\/wp-content\/uploads\/2020\/01\/P1095040-900x600.jpg 900w, https:\/\/2l-a-velo.com\/wp-content\/uploads\/2020\/01\/P1095040-1280x853.jpg 1280w, https:\/\/2l-a-velo.com\/wp-content\/uploads\/2020\/01\/P1095040.jpg 2024w\" sizes=\"auto, (max-width: 1024px) 100vw, 1024px\" \/><\/figure><div class=\"wp-block-media-text__content\">\n<p class=\"has-small-font-size\"> La descente vers Lipinamida se fait sur une piste d\u00e9fonc\u00e9e, poussi\u00e9reuse et pentue \u00e0 souhait. Mais r\u00e9compenses : la mer, le plat et l&rsquo;asphalte ! <\/p>\n<\/div><\/div>\n\n\n\n<p class=\"has-small-font-size\">Il fait toujours un temps superbe. D&rsquo;ailleurs depuis notre entr\u00e9e au P\u00e9rou, d\u00e9but ao\u00fbt, nous n&rsquo;avons pratiquement connu que le soleil. La route se poursuit bord\u00e9e de restaurants et de cabanas (le mobilhome local) d&rsquo;abord en longeant la mer puis en s&rsquo;en \u00e9loignant comme \u00e0 l&rsquo;habitude. A  Constitution, nous trouvons un B&amp;B et nous d\u00e9cidons d&rsquo;aller au restaurant, c&rsquo;est le 31 d\u00e9cembre quand m\u00eame !  Mais voil\u00e0, ici, le 31 d\u00e9cembre est une f\u00eate de famille, para\u00eet-il, et les restaurants sont ferm\u00e9s. Aussi, Laure ach\u00e8te quelques extras que nous mangerons dans la chambre. Enfin que nous devions manger dans la chambre. <\/p>\n\n\n\n<div class=\"wp-block-media-text alignwide has-media-on-the-right is-stacked-on-mobile\"><figure class=\"wp-block-media-text__media\"><img loading=\"lazy\" decoding=\"async\" width=\"1024\" height=\"682\" src=\"https:\/\/2l-a-velo.com\/wp-content\/uploads\/2020\/01\/372A9907-1024x682.jpg\" alt=\"\" class=\"wp-image-2569 size-full\" srcset=\"https:\/\/2l-a-velo.com\/wp-content\/uploads\/2020\/01\/372A9907-1024x682.jpg 1024w, https:\/\/2l-a-velo.com\/wp-content\/uploads\/2020\/01\/372A9907-300x200.jpg 300w, https:\/\/2l-a-velo.com\/wp-content\/uploads\/2020\/01\/372A9907-768x512.jpg 768w, https:\/\/2l-a-velo.com\/wp-content\/uploads\/2020\/01\/372A9907-900x600.jpg 900w, https:\/\/2l-a-velo.com\/wp-content\/uploads\/2020\/01\/372A9907-1280x853.jpg 1280w, https:\/\/2l-a-velo.com\/wp-content\/uploads\/2020\/01\/372A9907.jpg 2024w\" sizes=\"auto, (max-width: 1024px) 100vw, 1024px\" \/><\/figure><div class=\"wp-block-media-text__content\">\n<p class=\"has-small-font-size\"> Entre temps, le propri\u00e9taire du B&amp;B, Jose, nous invite \u00e0 r\u00e9veillonner avec eux. Tr\u00e8s belle soir\u00e9e dans cette famille d\u2019autant que, sur les six personnes de la famille, quatre parlent le fran\u00e7ais. Nous mangerons un d\u00e9licieux ceviche, plat \u00e0 base de poisson cru marin\u00e9 (ce soir, le poisson c\u2019\u00e9tait de la \u00ab&nbsp;reinetta&nbsp;\u00bb, sorte de poisson plat) et un gratin de fruits de mer, le tout arros\u00e9 de vin chilien. <\/p>\n<\/div><\/div>\n\n\n\n<p class=\"has-small-font-size\"> Nous aurons droit, cerise sur le g\u00e2teau, \u00e0 un mini concert de guitare, le neveu, Simon Gonzales, \u00e9tant un guitariste de haut niveau. Et puis, tous interpr\u00e9teront des chants chiliens pour notre plus grande satisfaction. Coucher \u00e0 deux heures du matin, cela risque d\u2019\u00eatre dur demain\u2026 pardon, tout \u00e0 l\u2019heure&nbsp;!!!  <\/p>\n\n\n\n<div class=\"wp-block-button aligncenter\"><a class=\"wp-block-button__link has-background\" href=\"https:\/\/photos.google.com\/share\/AF1QipOSj0cMsVilO_0oXGoyAFPT3o0Ocz7SM08V1x_83P9HY52gl-olTLxtazqKpGzBHg\/photo\/AF1QipMz_CIJOIIq9bPUtbcysyP8uHV-JKibfORVQalZ?key=QlBvYnBocXNjbWctVU5LWWIwUUlaVmZLcVUydmNR\" style=\"background-color:#0377a9\"> Album photos de Pichelemu \u00e0 Constitution (clquez)<\/a><\/div>\n\n\n\n<p class=\"has-text-align-center has-white-color has-text-color has-background has-large-font-size\" style=\"background-color:#05b717\"><strong>De Constitution \u00e0 Cabrero<\/strong><\/p>\n\n\n\n<p class=\"has-small-font-size\"> Nous d\u00e9buterons la journ\u00e9e du 1er janvier par une mont\u00e9e bien raide, dur&nbsp;ce matin ! Entre Pelluhue et Colquecura, c\u2019est une suite de mont\u00e9es et de descentes, sept au total, mont\u00e9es bien raides parfois&nbsp;! Au cours d\u2019une pause \u00e0 Budchupureo, nous rencontrons Beltzazar qui nous invite \u00e0 d\u00e9jeuner chez lui.<\/p>\n\n\n\n<div class=\"wp-block-media-text alignwide is-stacked-on-mobile\"><figure class=\"wp-block-media-text__media\"><img loading=\"lazy\" decoding=\"async\" width=\"1024\" height=\"682\" src=\"https:\/\/2l-a-velo.com\/wp-content\/uploads\/2020\/01\/P1095127-1024x682.jpg\" alt=\"\" class=\"wp-image-2573 size-full\" srcset=\"https:\/\/2l-a-velo.com\/wp-content\/uploads\/2020\/01\/P1095127-1024x682.jpg 1024w, https:\/\/2l-a-velo.com\/wp-content\/uploads\/2020\/01\/P1095127-300x200.jpg 300w, https:\/\/2l-a-velo.com\/wp-content\/uploads\/2020\/01\/P1095127-768x512.jpg 768w, https:\/\/2l-a-velo.com\/wp-content\/uploads\/2020\/01\/P1095127-900x600.jpg 900w, https:\/\/2l-a-velo.com\/wp-content\/uploads\/2020\/01\/P1095127-1280x853.jpg 1280w, https:\/\/2l-a-velo.com\/wp-content\/uploads\/2020\/01\/P1095127.jpg 2024w\" sizes=\"auto, (max-width: 1024px) 100vw, 1024px\" \/><\/figure><div class=\"wp-block-media-text__content\">\n<p class=\"has-small-font-size\"> Sa femme, Kathya, nous pr\u00e9pare un plat de lenguado (poison plat, propre au Pacifique) et des crabes, l\u2019ensemble accompagn\u00e9 d\u2019un \u00ab&nbsp;Carmenere&nbsp;\u00bb vin chilien excellent. Nous en consommerons peu, il reste encore une mont\u00e9e&nbsp;!  Aujourd\u2019hui, la mer \u00e9tait plus pr\u00e9sente. <\/p>\n<\/div><\/div>\n\n\n\n<div class=\"wp-block-media-text alignwide has-media-on-the-right is-stacked-on-mobile\"><figure class=\"wp-block-media-text__media\"><img loading=\"lazy\" decoding=\"async\" width=\"1024\" height=\"682\" src=\"https:\/\/2l-a-velo.com\/wp-content\/uploads\/2020\/01\/P1094878-1024x682.jpg\" alt=\"\" class=\"wp-image-2606 size-full\" srcset=\"https:\/\/2l-a-velo.com\/wp-content\/uploads\/2020\/01\/P1094878-1024x682.jpg 1024w, https:\/\/2l-a-velo.com\/wp-content\/uploads\/2020\/01\/P1094878-300x200.jpg 300w, https:\/\/2l-a-velo.com\/wp-content\/uploads\/2020\/01\/P1094878-768x512.jpg 768w, https:\/\/2l-a-velo.com\/wp-content\/uploads\/2020\/01\/P1094878-900x600.jpg 900w, https:\/\/2l-a-velo.com\/wp-content\/uploads\/2020\/01\/P1094878-1280x853.jpg 1280w, https:\/\/2l-a-velo.com\/wp-content\/uploads\/2020\/01\/P1094878.jpg 2024w\" sizes=\"auto, (max-width: 1024px) 100vw, 1024px\" \/><\/figure><div class=\"wp-block-media-text__content\">\n<p class=\"has-small-font-size\"> Une particularit\u00e9 culinaire, la Durvillaea antarctica ! C&rsquo;est une algue, appel\u00e9e au Chili \u00ab\u00a0cochayuyo\u00a0\u00bb, que l&rsquo;on vend sous forme de petits paquets  s\u00e9ch\u00e9s et ficel\u00e9s. Cela se consomme frit. Pour parler cuisine, en Am\u00e9rique du sud, les repas se terminent rarement par un dessert, on finit apr\u00e8s le plat principal. <\/p>\n<\/div><\/div>\n\n\n\n<p class=\"has-small-font-size\">  L\u2019\u00e9tape suivante de Cobquecura \u00e0 Coelemu est difficile avec de raides mont\u00e9es entrecoup\u00e9es de descentes, et cela dure toute la journ\u00e9e&nbsp;! Nous rejoignons ensuite Cabrero sur la Ruta 5, route qui traverse le chili dans le sens nord &#8211; sud.&nbsp;&nbsp; <\/p>\n\n\n\n<p class=\"has-small-font-size\">La Ruta del Mar est souvent bord\u00e9e de for\u00eats. For\u00eats de pins et d&rsquo;eucalyptus, arbres non originaires de cette r\u00e9gion mais qui poussent vite d&rsquo;o\u00f9 une bonne rentabilit\u00e9. Les incendies se propagent tr\u00e8s vite avec ces essences et des panneaux mettent en garde contre les feux de for\u00eats. Ces for\u00eats sont exploit\u00e9es et le bois, transport\u00e9 par de nombreux camions, alimente une immense usine de cellulose et aussi de nombreuses scieries. On utilise beaucoup le bois dans cette r\u00e9gion pour la construction des maisons qui ont un petit air de maisons \u00ab\u00a0nordiques\u00a0\u00bb.<\/p>\n\n\n\n<p class=\"has-text-align-center\"><strong>Nous venons de passer le cap des 9000 km !<\/strong><\/p>\n\n\n\n<div class=\"wp-block-button aligncenter\"><a class=\"wp-block-button__link has-background\" href=\"https:\/\/photos.google.com\/share\/AF1QipNnRW7sotZcLa6p8Q9B3XhPnTZJE7pjAiWVMPivsmbOowFodFhw04NJiWTYWhsqrw\/photo\/AF1QipMzpADVShtxN-0D6raBVs-xXsOHpfS41-2WoKFk?key=R0IyekZEMF96M0I1NkZCQjBQUG5EME5oaHJLLUZR\" style=\"background-color:#0373a3\">Album photos de Constitution \u00e0 Cabrero (cliquez)<\/a><\/div>\n\n\n\n<p class=\"has-text-align-center\"><strong>Vid\u00e9o : Sur la Ruta del Mar <\/strong><\/p>\n\n\n\n<figure><iframe loading=\"lazy\" width=\"560\" height=\"315\" src=\"https:\/\/www.youtube.com\/embed\/psdK5Bw9R4Q\" allowfullscreen=\"\"><\/iframe><\/figure>\n","protected":false},"excerpt":{"rendered":"<p>Du 26 d\u00e9cembre au 4 janvier Les 2 L vous souhaitent&#8230; une bonne ann\u00e9e 2020 La Ruta del Mar Nous l&rsquo;avons parcourue de Valparaiso \u00e0 Coelemu. Deux constantes sur cette route : elle monte et descend sans arr\u00eat, des montagnes russes aux mont\u00e9es souvent soutenues (entre 7% et 10%), ensuite elle ne suit pas toujours [&hellip;]<\/p>\n","protected":false},"author":1,"featured_media":0,"parent":130,"menu_order":5,"comment_status":"open","ping_status":"closed","template":"","meta":{"jetpack_post_was_ever_published":false,"footnotes":""},"class_list":["post-2522","page","type-page","status-publish","hentry"],"jetpack_likes_enabled":true,"jetpack_sharing_enabled":true,"_links":{"self":[{"href":"https:\/\/2l-a-velo.com\/index.php?rest_route=\/wp\/v2\/pages\/2522","targetHints":{"allow":["GET"]}}],"collection":[{"href":"https:\/\/2l-a-velo.com\/index.php?rest_route=\/wp\/v2\/pages"}],"about":[{"href":"https:\/\/2l-a-velo.com\/index.php?rest_route=\/wp\/v2\/types\/page"}],"author":[{"embeddable":true,"href":"https:\/\/2l-a-velo.com\/index.php?rest_route=\/wp\/v2\/users\/1"}],"replies":[{"embeddable":true,"href":"https:\/\/2l-a-velo.com\/index.php?rest_route=%2Fwp%2Fv2%2Fcomments&post=2522"}],"version-history":[{"count":74,"href":"https:\/\/2l-a-velo.com\/index.php?rest_route=\/wp\/v2\/pages\/2522\/revisions"}],"predecessor-version":[{"id":4711,"href":"https:\/\/2l-a-velo.com\/index.php?rest_route=\/wp\/v2\/pages\/2522\/revisions\/4711"}],"up":[{"embeddable":true,"href":"https:\/\/2l-a-velo.com\/index.php?rest_route=\/wp\/v2\/pages\/130"}],"wp:attachment":[{"href":"https:\/\/2l-a-velo.com\/index.php?rest_route=%2Fwp%2Fv2%2Fmedia&parent=2522"}],"curies":[{"name":"wp","href":"https:\/\/api.w.org\/{rel}","templated":true}]}}