{"id":2763,"date":"2020-01-23T16:59:27","date_gmt":"2020-01-23T15:59:27","guid":{"rendered":"http:\/\/2l-a-velo.com\/?page_id=2763"},"modified":"2022-03-14T11:54:42","modified_gmt":"2022-03-14T10:54:42","slug":"le-retour","status":"publish","type":"page","link":"https:\/\/2l-a-velo.com\/?page_id=2763","title":{"rendered":"Le retour"},"content":{"rendered":"\n<div class=\"wp-block-media-text alignwide is-stacked-on-mobile\"><figure class=\"wp-block-media-text__media\"><img loading=\"lazy\" decoding=\"async\" width=\"1024\" height=\"682\" src=\"https:\/\/2l-a-velo.com\/wp-content\/uploads\/2020\/01\/814-5-1024x682.jpg\" alt=\"\" class=\"wp-image-2769 size-full\" srcset=\"https:\/\/2l-a-velo.com\/wp-content\/uploads\/2020\/01\/814-5-1024x682.jpg 1024w, https:\/\/2l-a-velo.com\/wp-content\/uploads\/2020\/01\/814-5-300x200.jpg 300w, https:\/\/2l-a-velo.com\/wp-content\/uploads\/2020\/01\/814-5-768x512.jpg 768w, https:\/\/2l-a-velo.com\/wp-content\/uploads\/2020\/01\/814-5-900x600.jpg 900w, https:\/\/2l-a-velo.com\/wp-content\/uploads\/2020\/01\/814-5-1280x853.jpg 1280w, https:\/\/2l-a-velo.com\/wp-content\/uploads\/2020\/01\/814-5.jpg 2024w\" sizes=\"auto, (max-width: 1024px) 100vw, 1024px\" \/><\/figure><div class=\"wp-block-media-text__content\">\n<p class=\"has-text-align-center has-larger-font-size\"><strong>23 janvier 2020<\/strong><\/p>\n<\/div><\/div>\n\n\n\n<p class=\"has-small-font-size\">Notre voyage est termin\u00e9, pas exactement comme nous l&rsquo;aurions souhait\u00e9 et les 2700 km restants, qui devaient nous conduire \u00e0 Ushuaia, attendront un peu notre visite. Nous reviendrons, sans doute le prochain \u00e9t\u00e9 austral, pour parcourir la route des lacs argentins, la carretera australe et la Terre de Feu. En attendant, voici les chiffres de notre voyage qui nous a conduits de Medell\u00edn en Colombie \u00e0 San Martin de Los Andes en Argentine via l&rsquo;Equateur, le P\u00e9rou, la Bolivie, le Chili et l&rsquo;Argentine.<\/p>\n\n\n\n<p class=\"has-small-font-size\"><em>Nombre de jours de voyage :<\/em> 234 dont 182 sur le v\u00e9lo<\/p>\n\n\n\n<p class=\"has-small-font-size\"><em>Distance parcourue :<\/em> 9395 km<\/p>\n\n\n\n<p class=\"has-small-font-size\"><em>D\u00e9nivel\u00e9 positif :<\/em> 105 569 m  <em>D\u00e9nivel\u00e9 n\u00e9gatif :<\/em> 103 068 m<\/p>\n\n\n\n<p class=\"has-small-font-size\">Des \u00e9tapes s&rsquo;\u00e9chelonnant de 20 km dans le sable du Sud Lipez \u00e0 120 km dans les parties plus faciles.<\/p>\n\n\n\n<figure class=\"wp-block-image\"><img loading=\"lazy\" decoding=\"async\" width=\"1024\" height=\"682\" src=\"https:\/\/2l-a-velo.com\/wp-content\/uploads\/2020\/01\/372A7828-1024x682.jpg\" alt=\"\" class=\"wp-image-2772\" srcset=\"https:\/\/2l-a-velo.com\/wp-content\/uploads\/2020\/01\/372A7828-1024x682.jpg 1024w, https:\/\/2l-a-velo.com\/wp-content\/uploads\/2020\/01\/372A7828-300x200.jpg 300w, https:\/\/2l-a-velo.com\/wp-content\/uploads\/2020\/01\/372A7828-768x512.jpg 768w, https:\/\/2l-a-velo.com\/wp-content\/uploads\/2020\/01\/372A7828-900x600.jpg 900w, https:\/\/2l-a-velo.com\/wp-content\/uploads\/2020\/01\/372A7828-1280x853.jpg 1280w, https:\/\/2l-a-velo.com\/wp-content\/uploads\/2020\/01\/372A7828.jpg 2024w\" sizes=\"auto, (max-width: 1024px) 100vw, 1024px\" \/><figcaption><strong>Dans le d\u00e9sert de Dali, en Bolivie, col \u00e0 4755 m<\/strong><\/figcaption><\/figure>\n\n\n\n<p class=\"has-text-align-center has-small-font-size\"><em>Nous ferons un bilan plus complet lorsque nous aurons pris le temps de nous pauser.<\/em><\/p>\n","protected":false},"excerpt":{"rendered":"<p>23 janvier 2020 Notre voyage est termin\u00e9, pas exactement comme nous l&rsquo;aurions souhait\u00e9 et les 2700 km restants, qui devaient nous conduire \u00e0 Ushuaia, attendront un peu notre visite. Nous reviendrons, sans doute le prochain \u00e9t\u00e9 austral, pour parcourir la route des lacs argentins, la carretera australe et la Terre de Feu. En attendant, voici [&hellip;]<\/p>\n","protected":false},"author":1,"featured_media":0,"parent":120,"menu_order":8,"comment_status":"open","ping_status":"closed","template":"","meta":{"jetpack_post_was_ever_published":false,"footnotes":""},"class_list":["post-2763","page","type-page","status-publish","hentry"],"jetpack_likes_enabled":true,"jetpack_sharing_enabled":true,"_links":{"self":[{"href":"https:\/\/2l-a-velo.com\/index.php?rest_route=\/wp\/v2\/pages\/2763","targetHints":{"allow":["GET"]}}],"collection":[{"href":"https:\/\/2l-a-velo.com\/index.php?rest_route=\/wp\/v2\/pages"}],"about":[{"href":"https:\/\/2l-a-velo.com\/index.php?rest_route=\/wp\/v2\/types\/page"}],"author":[{"embeddable":true,"href":"https:\/\/2l-a-velo.com\/index.php?rest_route=\/wp\/v2\/users\/1"}],"replies":[{"embeddable":true,"href":"https:\/\/2l-a-velo.com\/index.php?rest_route=%2Fwp%2Fv2%2Fcomments&post=2763"}],"version-history":[{"count":13,"href":"https:\/\/2l-a-velo.com\/index.php?rest_route=\/wp\/v2\/pages\/2763\/revisions"}],"predecessor-version":[{"id":4781,"href":"https:\/\/2l-a-velo.com\/index.php?rest_route=\/wp\/v2\/pages\/2763\/revisions\/4781"}],"up":[{"embeddable":true,"href":"https:\/\/2l-a-velo.com\/index.php?rest_route=\/wp\/v2\/pages\/120"}],"wp:attachment":[{"href":"https:\/\/2l-a-velo.com\/index.php?rest_route=%2Fwp%2Fv2%2Fmedia&parent=2763"}],"curies":[{"name":"wp","href":"https:\/\/api.w.org\/{rel}","templated":true}]}}

<div class="wp-block-media-text alignwide is-stacked-on-mobile"><figure class="wp-block-media-text__media"><img loading="lazy" decoding="async" width="1024" height="682" src="https://2l-a-velo.com/wp-content/uploads/2020/01/814-5-1024x682.jpg" alt="" class="wp-image-2769 size-full" srcset="https://2l-a-velo.com/wp-content/uploads/2020/01/814-5-1024x682.jpg 1024w, https://2l-a-velo.com/wp-content/uploads/2020/01/814-5-300x200.jpg 300w, https://2l-a-velo.com/wp-content/uploads/2020/01/814-5-768x512.jpg 768w, https://2l-a-velo.com/wp-content/uploads/2020/01/814-5-900x600.jpg 900w, https://2l-a-velo.com/wp-content/uploads/2020/01/814-5-1280x853.jpg 1280w, https://2l-a-velo.com/wp-content/uploads/2020/01/814-5.jpg 2024w" sizes="auto, (max-width: 1024px) 100vw, 1024px" /></figure><div class="wp-block-media-text__content">
<p class="has-text-align-center has-larger-font-size"><strong>23 janvier 2020</strong></p>
</div></div>



<p class="has-small-font-size">Notre voyage est terminé, pas exactement comme nous l&rsquo;aurions souhaité et les 2700 km restants, qui devaient nous conduire à Ushuaia, attendront un peu notre visite. Nous reviendrons, sans doute le prochain été austral, pour parcourir la route des lacs argentins, la carretera australe et la Terre de Feu. En attendant, voici les chiffres de notre voyage qui nous a conduits de Medellín en Colombie à San Martin de Los Andes en Argentine via l&rsquo;Equateur, le Pérou, la Bolivie, le Chili et l&rsquo;Argentine.</p>



<p class="has-small-font-size"><em>Nombre de jours de voyage :</em> 234 dont 182 sur le vélo</p>



<p class="has-small-font-size"><em>Distance parcourue :</em> 9395 km</p>



<p class="has-small-font-size"><em>Dénivelé positif :</em> 105 569 m  <em>Dénivelé négatif :</em> 103 068 m</p>



<p class="has-small-font-size">Des étapes s&rsquo;échelonnant de 20 km dans le sable du Sud Lipez à 120 km dans les parties plus faciles.</p>



<figure class="wp-block-image"><img loading="lazy" decoding="async" width="1024" height="682" src="https://2l-a-velo.com/wp-content/uploads/2020/01/372A7828-1024x682.jpg" alt="" class="wp-image-2772" srcset="https://2l-a-velo.com/wp-content/uploads/2020/01/372A7828-1024x682.jpg 1024w, https://2l-a-velo.com/wp-content/uploads/2020/01/372A7828-300x200.jpg 300w, https://2l-a-velo.com/wp-content/uploads/2020/01/372A7828-768x512.jpg 768w, https://2l-a-velo.com/wp-content/uploads/2020/01/372A7828-900x600.jpg 900w, https://2l-a-velo.com/wp-content/uploads/2020/01/372A7828-1280x853.jpg 1280w, https://2l-a-velo.com/wp-content/uploads/2020/01/372A7828.jpg 2024w" sizes="auto, (max-width: 1024px) 100vw, 1024px" /><figcaption><strong>Dans le désert de Dali, en Bolivie, col à 4755 m</strong></figcaption></figure>



<p class="has-text-align-center has-small-font-size"><em>Nous ferons un bilan plus complet lorsque nous aurons pris le temps de nous pauser.</em></p>

<p>23 janvier 2020 Notre voyage est terminé, pas exactement comme nous l&rsquo;aurions souhaité et les 2700 km restants, qui devaient nous conduire à Ushuaia, attendront un peu notre visite. Nous reviendrons, sans doute le prochain été austral, pour parcourir la route des lacs argentins, la carretera australe et la Terre de Feu. En attendant, voici [&hellip;]</p>
