{"id":2886,"date":"2020-10-24T08:26:58","date_gmt":"2020-10-24T06:26:58","guid":{"rendered":"http:\/\/2l-a-velo.com\/?page_id=2886"},"modified":"2024-11-06T05:34:42","modified_gmt":"2024-11-06T04:34:42","slug":"ete-2020","status":"publish","type":"page","link":"https:\/\/2l-a-velo.com\/?page_id=2886","title":{"rendered":"2020 Sud France"},"content":{"rendered":"\n<p>\n\nLes conditions sanitaires \u00e9tant ce qu&rsquo;elles \u00e9taient, nous sommes donc, au cours de cet \u00e9t\u00e9 2020, rest\u00e9s en France.\n\n<\/p>\n","protected":false},"excerpt":{"rendered":"<p>Les conditions sanitaires \u00e9tant ce qu&rsquo;elles \u00e9taient, nous sommes donc, au cours de cet \u00e9t\u00e9 2020, rest\u00e9s en France.<\/p>\n","protected":false},"author":2,"featured_media":0,"parent":0,"menu_order":5,"comment_status":"closed","ping_status":"closed","template":"","meta":{"jetpack_post_was_ever_published":false,"footnotes":""},"class_list":["post-2886","page","type-page","status-publish","hentry"],"jetpack_likes_enabled":true,"jetpack_sharing_enabled":true,"_links":{"self":[{"href":"https:\/\/2l-a-velo.com\/index.php?rest_route=\/wp\/v2\/pages\/2886","targetHints":{"allow":["GET"]}}],"collection":[{"href":"https:\/\/2l-a-velo.com\/index.php?rest_route=\/wp\/v2\/pages"}],"about":[{"href":"https:\/\/2l-a-velo.com\/index.php?rest_route=\/wp\/v2\/types\/page"}],"author":[{"embeddable":true,"href":"https:\/\/2l-a-velo.com\/index.php?rest_route=\/wp\/v2\/users\/2"}],"replies":[{"embeddable":true,"href":"https:\/\/2l-a-velo.com\/index.php?rest_route=%2Fwp%2Fv2%2Fcomments&post=2886"}],"version-history":[{"count":31,"href":"https:\/\/2l-a-velo.com\/index.php?rest_route=\/wp\/v2\/pages\/2886\/revisions"}],"predecessor-version":[{"id":4612,"href":"https:\/\/2l-a-velo.com\/index.php?rest_route=\/wp\/v2\/pages\/2886\/revisions\/4612"}],"wp:attachment":[{"href":"https:\/\/2l-a-velo.com\/index.php?rest_route=%2Fwp%2Fv2%2Fmedia&parent=2886"}],"curies":[{"name":"wp","href":"https:\/\/api.w.org\/{rel}","templated":true}]}}