{"id":4381,"date":"2021-09-22T09:04:26","date_gmt":"2021-09-22T07:04:26","guid":{"rendered":"http:\/\/2l-a-velo.com\/?page_id=4381"},"modified":"2022-03-03T09:22:34","modified_gmt":"2022-03-03T08:22:34","slug":"de-san-teodoro-a-santa-teresa-gallura","status":"publish","type":"page","link":"https:\/\/2l-a-velo.com\/?page_id=4381","title":{"rendered":"De San Teodoro \u00e0 Santa Teresa Gallura"},"content":{"rendered":"\n<div class=\"wp-block-media-text alignwide is-stacked-on-mobile\"><figure class=\"wp-block-media-text__media\"><img loading=\"lazy\" decoding=\"async\" width=\"1024\" height=\"575\" src=\"https:\/\/2l-a-velo.com\/wp-content\/uploads\/2021\/09\/P1019549-1024x575.jpg\" alt=\"\" class=\"wp-image-4391 size-full\" srcset=\"https:\/\/2l-a-velo.com\/wp-content\/uploads\/2021\/09\/P1019549-1024x575.jpg 1024w, https:\/\/2l-a-velo.com\/wp-content\/uploads\/2021\/09\/P1019549-300x168.jpg 300w, https:\/\/2l-a-velo.com\/wp-content\/uploads\/2021\/09\/P1019549-768x431.jpg 768w, https:\/\/2l-a-velo.com\/wp-content\/uploads\/2021\/09\/P1019549-900x505.jpg 900w, https:\/\/2l-a-velo.com\/wp-content\/uploads\/2021\/09\/P1019549-1280x719.jpg 1280w\" sizes=\"auto, (max-width: 1024px) 100vw, 1024px\" \/><\/figure><div class=\"wp-block-media-text__content\">\n<p class=\"has-large-font-size\"><strong>Du 09 au 14 septembre<\/strong><\/p>\n<\/div><\/div>\n\n\n\n<p class=\"has-text-align-center has-white-color has-text-color has-background has-large-font-size\" style=\"background-color:#00a337\"><strong>Itin\u00e9raire<\/strong><\/p>\n\n\n\n<iframe loading=\"lazy\" src=\"https:\/\/www.google.com\/maps\/d\/embed?mid=1Okroa1i3WjV-RKl5ohwwvSJMl5CVSkKv\" width=\"640\" height=\"480\"><\/iframe>\n\n\n\n<p class=\"has-text-align-center has-white-color has-text-color has-background has-large-font-size\" style=\"background-color:#00a31a\"><strong>De San Teodoro \u00e0 Olbia<\/strong><\/p>\n\n\n\n<p>Nous restons bloqu\u00e9s deux jours au camping Cala d&rsquo;Ambra en raison de violents orages. Nous aurions pr\u00e9f\u00e9r\u00e9 un autre camping car celui-ci&#8230; Bof !<\/p>\n\n\n\n<div class=\"wp-block-media-text alignwide has-media-on-the-right is-stacked-on-mobile\"><figure class=\"wp-block-media-text__media\"><img loading=\"lazy\" decoding=\"async\" width=\"1024\" height=\"577\" src=\"https:\/\/2l-a-velo.com\/wp-content\/uploads\/2021\/09\/P1122372-1024x577.jpg\" alt=\"\" class=\"wp-image-4400 size-full\" srcset=\"https:\/\/2l-a-velo.com\/wp-content\/uploads\/2021\/09\/P1122372-1024x577.jpg 1024w, https:\/\/2l-a-velo.com\/wp-content\/uploads\/2021\/09\/P1122372-300x169.jpg 300w, https:\/\/2l-a-velo.com\/wp-content\/uploads\/2021\/09\/P1122372-768x432.jpg 768w, https:\/\/2l-a-velo.com\/wp-content\/uploads\/2021\/09\/P1122372-900x507.jpg 900w, https:\/\/2l-a-velo.com\/wp-content\/uploads\/2021\/09\/P1122372-1280x721.jpg 1280w\" sizes=\"auto, (max-width: 1024px) 100vw, 1024px\" \/><\/figure><div class=\"wp-block-media-text__content\">\n<p>\n\nJuste apr\u00e8s San Teodoro, dans un \u00e9tang bordant la route, des flamands roses nous offrent un joli spectacle.\n\n<\/p>\n<\/div><\/div>\n\n\n\n<p>Ensuite, c&rsquo;est la SS125 (encore elle), mais ici, elle est tr\u00e8s \u00e9troite et la circulation est dense donc prudence. Il est vrai que nous approchons d&rsquo;Olbia. <\/p>\n\n\n\n<p>Fond\u00e9e par les Ph\u00e9niciens, Olbia est un grand port depuis l&rsquo;\u00e9poque romaine. Elle a connu les Carthaginois, les Romains, les Vandales, les Byzantins, la r\u00e9publique de Pise, les Aragonais et enfin les Espagnols puis se rattacha \u00e0 l&rsquo;histoire de l&rsquo;\u00eele toute enti\u00e8re.<\/p>\n\n\n\n<div class=\"wp-block-media-text alignwide is-stacked-on-mobile\"><figure class=\"wp-block-media-text__media\"><img loading=\"lazy\" decoding=\"async\" width=\"1024\" height=\"575\" src=\"https:\/\/2l-a-velo.com\/wp-content\/uploads\/2021\/09\/P1019464-1024x575.jpg\" alt=\"\" class=\"wp-image-4402 size-full\" srcset=\"https:\/\/2l-a-velo.com\/wp-content\/uploads\/2021\/09\/P1019464-1024x575.jpg 1024w, https:\/\/2l-a-velo.com\/wp-content\/uploads\/2021\/09\/P1019464-300x168.jpg 300w, https:\/\/2l-a-velo.com\/wp-content\/uploads\/2021\/09\/P1019464-768x431.jpg 768w, https:\/\/2l-a-velo.com\/wp-content\/uploads\/2021\/09\/P1019464-900x505.jpg 900w, https:\/\/2l-a-velo.com\/wp-content\/uploads\/2021\/09\/P1019464-1280x719.jpg 1280w\" sizes=\"auto, (max-width: 1024px) 100vw, 1024px\" \/><\/figure><div class=\"wp-block-media-text__content\">\n<p>  C&rsquo;est tr\u00e8s agr\u00e9able de se balader le long du corso Umberto I, rue pi\u00e9tonne, bord\u00e9e de terrasses.  <\/p>\n<\/div><\/div>\n\n\n\n<p class=\"has-text-align-center has-white-color has-text-color has-background has-large-font-size\" style=\"background-color:#0171a1\"><strong><a href=\"https:\/\/photos.google.com\/share\/AF1QipMoTUlulqoUXC9pp73K7trUimLAlcRX6PRXCiQxaVqaeetUxhiWSCHclepKF2-nZQ\/photo\/AF1QipNtfGfP486_2msDGlbA-lrXBShaqGttDDJSmPss?key=R2JNd29JMno3aVdUT1RvUF92VUNUdTZlNTdjeUFB\">Album photos de San Teodoro \u00e0 Olbia<\/a><\/strong><\/p>\n\n\n\n<p class=\"has-text-align-center has-white-color has-text-color has-background has-large-font-size\" style=\"background-color:#03ac39\"><strong>De Olbia \u00e0 Palau, la Costa Smeralda <\/strong><\/p>\n\n\n\n<p>A partir de Cugnana, nous longeons la Costa Smeralda. Une belle route avec vues sur la mer nous emm\u00e8ne \u00e0 Porto Cervo. Avec Porto Rotondo, ce sont deux paradis artificiels fr\u00e9quent\u00e9s par la jet-set internationale. <\/p>\n\n\n\n<p> Au d\u00e9but des ann\u00e9es 1960  le prince Karim Aga Khan ach\u00e8te 3 000 hectares de littoral et s&rsquo;associe \u00e0 un groupe d&rsquo;investisseurs. Des h\u00f4tels de luxe, des r\u00e9sidences de standing sortent de terre, la Costa Smeralda (la c\u00f4te d&rsquo;Emeraude) est n\u00e9e. <\/p>\n\n\n\n<div class=\"wp-block-media-text alignwide has-media-on-the-right is-stacked-on-mobile\"><figure class=\"wp-block-media-text__media\"><img loading=\"lazy\" decoding=\"async\" width=\"1024\" height=\"577\" src=\"https:\/\/2l-a-velo.com\/wp-content\/uploads\/2021\/09\/P1122393-1024x577.jpg\" alt=\"\" class=\"wp-image-4406 size-full\" srcset=\"https:\/\/2l-a-velo.com\/wp-content\/uploads\/2021\/09\/P1122393-1024x577.jpg 1024w, https:\/\/2l-a-velo.com\/wp-content\/uploads\/2021\/09\/P1122393-300x169.jpg 300w, https:\/\/2l-a-velo.com\/wp-content\/uploads\/2021\/09\/P1122393-768x432.jpg 768w, https:\/\/2l-a-velo.com\/wp-content\/uploads\/2021\/09\/P1122393-900x507.jpg 900w, https:\/\/2l-a-velo.com\/wp-content\/uploads\/2021\/09\/P1122393-1280x721.jpg 1280w\" sizes=\"auto, (max-width: 1024px) 100vw, 1024px\" \/><\/figure><div class=\"wp-block-media-text__content\">\n<p>\n\nPorto Cervo est une ville assez jolie. Nous trouvons que les constructions sont tr\u00e8s bien int\u00e9gr\u00e9es au site et que l&rsquo;ensemble d\u00e9gage une belle harmonie. Du blanc, de l&rsquo;ocre, de la pierre, pas de b\u00e9ton, pas de constructions hautes, une r\u00e9ussite architecturale.  \n\n<\/p>\n<\/div><\/div>\n\n\n\n<p>Apr\u00e8s avoir long\u00e9 la c\u00f4te, nous suivons une petite route qui, apr\u00e8s avoir travers\u00e9 le village de Cannigione et sa piste cyclable, nous conduit \u00e0 Palau. C&rsquo;est de Palau que partent les ferries en direction des \u00eeles de la Maddalena. <\/p>\n\n\n\n<p>Un joli camping \u00e0 Palau o\u00f9 nous rencontrerons un couple de Bordelais fort sympathiques.<\/p>\n\n\n\n<p> <\/p>\n\n\n\n<p class=\"has-text-align-center has-white-color has-text-color has-background has-large-font-size\" style=\"background-color:#0572a1\"><strong><a href=\"https:\/\/photos.google.com\/share\/AF1QipMqGSpij_R-izLHbFHM1K_fGQ97Ec86QIaGcoFqFOfR4T1k-zLFkgGICOr0NhYfBA\/photo\/AF1QipObAuMRU9CcH4aDcKXdfFbSNgJ0sZTvjhFSzjWC?key=SVRZcG9aMUtTNTZJUV9TTjJpZDByTmRKV21NZUJ3\">Album photos <\/a><\/strong><a href=\"https:\/\/photos.google.com\/share\/AF1QipMqGSpij_R-izLHbFHM1K_fGQ97Ec86QIaGcoFqFOfR4T1k-zLFkgGICOr0NhYfBA\/photo\/AF1QipObAuMRU9CcH4aDcKXdfFbSNgJ0sZTvjhFSzjWC?key=SVRZcG9aMUtTNTZJUV9TTjJpZDByTmRKV21NZUJ3\"> <\/a><strong><a href=\"https:\/\/photos.google.com\/share\/AF1QipMqGSpij_R-izLHbFHM1K_fGQ97Ec86QIaGcoFqFOfR4T1k-zLFkgGICOr0NhYfBA\/photo\/AF1QipObAuMRU9CcH4aDcKXdfFbSNgJ0sZTvjhFSzjWC?key=SVRZcG9aMUtTNTZJUV9TTjJpZDByTmRKV21NZUJ3\">de Olbia \u00e0 Palau, la Costa Smeralda <\/a><\/strong><a href=\"https:\/\/photos.google.com\/share\/AF1QipMqGSpij_R-izLHbFHM1K_fGQ97Ec86QIaGcoFqFOfR4T1k-zLFkgGICOr0NhYfBA\/photo\/AF1QipObAuMRU9CcH4aDcKXdfFbSNgJ0sZTvjhFSzjWC?key=SVRZcG9aMUtTNTZJUV9TTjJpZDByTmRKV21NZUJ3\"> <\/a><\/p>\n\n\n\n<p class=\"has-text-align-center has-white-color has-text-color has-background has-large-font-size\" style=\"background-color:#00a324\"><strong>Les \u00eeles de la Maddalena<\/strong><\/p>\n\n\n\n<p>La tente restera au camping une journ\u00e9e de plus. C&rsquo;est donc sans sacoches que nous embarquons sur le ferries. La travers\u00e9e dure environ 15 minutes et nous voici \u00e0 La Maddalena, agr\u00e9able village que nous traversons pour effectuer le tour de l&rsquo;\u00eele en empruntant la route panoramique. Avec les v\u00e9los non charg\u00e9s, c&rsquo;est beaucoup plus facile !!! <\/p>\n\n\n\n<div class=\"wp-block-media-text alignwide is-stacked-on-mobile\"><figure class=\"wp-block-media-text__media\"><img loading=\"lazy\" decoding=\"async\" width=\"1024\" height=\"575\" src=\"https:\/\/2l-a-velo.com\/wp-content\/uploads\/2021\/09\/P1019613-1024x575.jpg\" alt=\"\" class=\"wp-image-4412 size-full\" srcset=\"https:\/\/2l-a-velo.com\/wp-content\/uploads\/2021\/09\/P1019613-1024x575.jpg 1024w, https:\/\/2l-a-velo.com\/wp-content\/uploads\/2021\/09\/P1019613-300x168.jpg 300w, https:\/\/2l-a-velo.com\/wp-content\/uploads\/2021\/09\/P1019613-768x431.jpg 768w, https:\/\/2l-a-velo.com\/wp-content\/uploads\/2021\/09\/P1019613-900x505.jpg 900w, https:\/\/2l-a-velo.com\/wp-content\/uploads\/2021\/09\/P1019613-1280x719.jpg 1280w\" sizes=\"auto, (max-width: 1024px) 100vw, 1024px\" \/><\/figure><div class=\"wp-block-media-text__content\">\n<p>\n\nLa route offre des vues somptueuses sur l&rsquo;archipel. Nous p\u00e9dalons de petites criques en petites criques, profitant de superbes panoramas d\u00e8s que la route s&rsquo;\u00e9l\u00e8ve !\n\n<\/p>\n<\/div><\/div>\n\n\n\n<p>Nous traversons ensuite le pont qui relie l&rsquo;\u00eele de la Maddalena \u00e0 celle de Caprera.<\/p>\n\n\n<p><!--EndFragment-->C&rsquo;est sur cette \u00eele que Garibaldi passa la fin de sa vie. Afin d&rsquo;en apprendre davantage sur ce personnage, nous nous dirigeons vers le mus\u00e9e. La route monte un peu et nous y voici ! Seulement aujourd&rsquo;hui, il est ferm\u00e9 l&rsquo;apr\u00e8s-midi.<\/p>\n<p><\/p>\n\n\n<p><\/p>\n\n\n\n<div class=\"wp-block-media-text alignwide has-media-on-the-right is-stacked-on-mobile\"><figure class=\"wp-block-media-text__media\"><img loading=\"lazy\" decoding=\"async\" width=\"1024\" height=\"575\" src=\"https:\/\/2l-a-velo.com\/wp-content\/uploads\/2021\/09\/P1019625-1024x575.jpg\" alt=\"\" class=\"wp-image-4422 size-full\" srcset=\"https:\/\/2l-a-velo.com\/wp-content\/uploads\/2021\/09\/P1019625-1024x575.jpg 1024w, https:\/\/2l-a-velo.com\/wp-content\/uploads\/2021\/09\/P1019625-300x168.jpg 300w, https:\/\/2l-a-velo.com\/wp-content\/uploads\/2021\/09\/P1019625-768x431.jpg 768w, https:\/\/2l-a-velo.com\/wp-content\/uploads\/2021\/09\/P1019625-900x505.jpg 900w, https:\/\/2l-a-velo.com\/wp-content\/uploads\/2021\/09\/P1019625-1280x719.jpg 1280w\" sizes=\"auto, (max-width: 1024px) 100vw, 1024px\" \/><\/figure><div class=\"wp-block-media-text__content\">\n<p>\n\nDemi tour et nous prenons la petite route conduit au m\u00e9morial de Garibaldi. La pente est raide mais heureusement les paysages sont superbes : panorama sur l&rsquo;archipel et rochers aux formes originales.\n\n<\/p>\n<\/div><\/div>\n\n\n\n<div class=\"wp-block-media-text alignwide is-stacked-on-mobile\"><figure class=\"wp-block-media-text__media\"><img loading=\"lazy\" decoding=\"async\" width=\"1024\" height=\"577\" src=\"https:\/\/2l-a-velo.com\/wp-content\/uploads\/2021\/09\/P1122565-1024x577.jpg\" alt=\"\" class=\"wp-image-4423 size-full\" srcset=\"https:\/\/2l-a-velo.com\/wp-content\/uploads\/2021\/09\/P1122565-1024x577.jpg 1024w, https:\/\/2l-a-velo.com\/wp-content\/uploads\/2021\/09\/P1122565-300x169.jpg 300w, https:\/\/2l-a-velo.com\/wp-content\/uploads\/2021\/09\/P1122565-768x432.jpg 768w, https:\/\/2l-a-velo.com\/wp-content\/uploads\/2021\/09\/P1122565-900x507.jpg 900w, https:\/\/2l-a-velo.com\/wp-content\/uploads\/2021\/09\/P1122565-1280x721.jpg 1280w\" sizes=\"auto, (max-width: 1024px) 100vw, 1024px\" \/><\/figure><div class=\"wp-block-media-text__content\">\n<p>\n\nL\u00e0-haut, nous apercevons le m\u00e9morial. Mais, en arrivant devant la porte, on nous dit que c&rsquo;est ferm\u00e9 !!! Dommage, nous nous renseignerons ailleurs !\n\n<\/p>\n<\/div><\/div>\n\n\n\n<p>Nous retrouvons, apr\u00e8s quelques kilom\u00e8tres, le village de la Maddalena et si Lionel avait bien lu les horaires de bateau, nous n&rsquo;aurions pas loup\u00e9 le ferry et n&rsquo;aurions pas attendu le suivant pendant une heure !!!&nbsp;<\/p>\n\n\n\n<p class=\"has-text-align-center has-white-color has-text-color has-background has-large-font-size\" style=\"background-color:#0677a8\"><strong><a href=\"https:\/\/photos.google.com\/share\/AF1QipNpwZd7ngXx8kXs41V4PsMfDZzZqIQ3zafZpaWumwL-XypzezPMk_qJEwSJr3k-9g\/photo\/AF1QipN9p0BgYHyg0lHefvpZ_twrvsh8zicAfGsaD376?key=UFFpQ0FhTzF6N3Y1eThWZ2RwVVNiX3ZzWmNQMDN3\">Album photos  les \u00eeles de la Maddalena <\/a><\/strong><\/p>\n\n\n\n<p class=\"has-text-align-center has-white-color has-text-color has-background has-large-font-size\" style=\"background-color:#00a329\"><strong>De Palau \u00e0 Santa Teresa Gallura<\/strong><\/p>\n\n\n\n<p>Sur cette partie, le paysage change, la r\u00e9gion est plus s\u00e8che. Toujours autant de circulation sur cette route.<\/p>\n\n\n\n<div class=\"wp-block-media-text alignwide has-media-on-the-right is-stacked-on-mobile\"><figure class=\"wp-block-media-text__media\"><img loading=\"lazy\" decoding=\"async\" width=\"1024\" height=\"575\" src=\"https:\/\/2l-a-velo.com\/wp-content\/uploads\/2021\/09\/P1019639-1024x575.jpg\" alt=\"\" class=\"wp-image-4428 size-full\" srcset=\"https:\/\/2l-a-velo.com\/wp-content\/uploads\/2021\/09\/P1019639-1024x575.jpg 1024w, https:\/\/2l-a-velo.com\/wp-content\/uploads\/2021\/09\/P1019639-300x168.jpg 300w, https:\/\/2l-a-velo.com\/wp-content\/uploads\/2021\/09\/P1019639-768x431.jpg 768w, https:\/\/2l-a-velo.com\/wp-content\/uploads\/2021\/09\/P1019639-900x505.jpg 900w, https:\/\/2l-a-velo.com\/wp-content\/uploads\/2021\/09\/P1019639-1280x719.jpg 1280w\" sizes=\"auto, (max-width: 1024px) 100vw, 1024px\" \/><\/figure><div class=\"wp-block-media-text__content\">\n<p>\n\nPour ce midi, nous cherchons un restaurant mais Santa Teresa Gallura est un village bien pentu et trouver le restaurant \u00ab\u00a0Il Grottino\u00a0\u00bb se m\u00e9rite.\n\n<\/p>\n<\/div><\/div>\n\n\n\n<p>En sortant nous croiserons le couple de Bordelais rencontr\u00e9 \u00e0 Palau. Ils son venus nous voir partir. Vraiment charmants ces gens !<\/p>\n\n\n\n<div class=\"wp-block-media-text alignwide is-stacked-on-mobile\"><figure class=\"wp-block-media-text__media\"><img loading=\"lazy\" decoding=\"async\" width=\"1024\" height=\"577\" src=\"https:\/\/2l-a-velo.com\/wp-content\/uploads\/2021\/09\/P1122595-1024x577.jpg\" alt=\"\" class=\"wp-image-4430 size-full\" srcset=\"https:\/\/2l-a-velo.com\/wp-content\/uploads\/2021\/09\/P1122595-1024x577.jpg 1024w, https:\/\/2l-a-velo.com\/wp-content\/uploads\/2021\/09\/P1122595-300x169.jpg 300w, https:\/\/2l-a-velo.com\/wp-content\/uploads\/2021\/09\/P1122595-768x432.jpg 768w, https:\/\/2l-a-velo.com\/wp-content\/uploads\/2021\/09\/P1122595-900x507.jpg 900w, https:\/\/2l-a-velo.com\/wp-content\/uploads\/2021\/09\/P1122595-1280x721.jpg 1280w\" sizes=\"auto, (max-width: 1024px) 100vw, 1024px\" \/><\/figure><div class=\"wp-block-media-text__content\">\n<p> A 15 h, nous embarquons sur le ferry en direction de la Corse et quittons encore une fois la Sardaigne mais d\u00e9finitivement pour ce voyage.  <\/p>\n<\/div><\/div>\n\n\n\n<p> <\/p>\n\n\n\n<p class=\"has-text-align-center has-white-color has-text-color has-background has-large-font-size\" style=\"background-color:#0578aa\"><strong><a href=\"https:\/\/photos.google.com\/share\/AF1QipNOvwXmSKbeezawcL6vxA8VZYYTvdOr6i8BAWlOwBLGF76IZ37QHaEvGZRRvJRfhw\/photo\/AF1QipNJb31fluSp0KsAD9CSqx7M78qcIdCEvGkWSw9K?key=RE5iSVRWWXdDaWF2Y1JLSVFsWE1RMVdBZlVISHVn\">Album photos  de Palau \u00e0 Santa Teresa Gallura <\/a><\/strong><\/p>\n\n\n\n<p class=\"has-text-align-center has-black-color has-accent-background-color has-text-color has-background has-large-font-size\"><strong>Itin\u00e9raire total en Sardaigne<\/strong><\/p>\n\n\n\n<iframe loading=\"lazy\" src=\"https:\/\/www.google.com\/maps\/d\/embed?mid=19AU4GbdZ2XVa5_x1p_4kCVmHRdYTNnOC\" width=\"640\" height=\"480\"><\/iframe>\n\n\n\n<p class=\"has-text-align-center has-accent-background-color has-background has-large-font-size\"><strong>Ce que nous avons aim\u00e9 en Sardaigne<\/strong><\/p>\n\n\n\n<p>La gentillesse des Sardes en g\u00e9n\u00e9ral surtout dans les r\u00e9gions de montagne et particuli\u00e8rement les bergers sardes<\/p>\n\n\n\n<p>La limpidit\u00e9 et la chaleur de la mer alli\u00e9s \u00e0 la beaut\u00e9 des plages<\/p>\n\n\n\n<p>La ville d&rsquo;Alghero, la grotte di Nettuno, Bosa<\/p>\n\n\n\n<p>Les gorges du Goroppu<\/p>\n\n\n\n<p>La route SS125 dans sa partie montagneuse<\/p>\n\n\n\n<p>La montagne Sarde dans le massif du Gennargentu<\/p>\n\n\n\n<p class=\"has-text-align-center has-accent-background-color has-background has-large-font-size\"><strong>Ce que nous avons regrett\u00e9 en Sardaigne<\/strong><\/p>\n\n\n\n<p>\n\nLes prix abusifs de certains campings au regard des services propos\u00e9s\n\n<\/p>\n\n\n\n<p>La conduite automobile dangereuse dans certains secteurs notamment sur la c\u00f4te<\/p>\n","protected":false},"excerpt":{"rendered":"<p>Du 09 au 14 septembre Itin\u00e9raire De San Teodoro \u00e0 Olbia Nous restons bloqu\u00e9s deux jours au camping Cala d&rsquo;Ambra en raison de violents orages. Nous aurions pr\u00e9f\u00e9r\u00e9 un autre camping car celui-ci&#8230; Bof ! Juste apr\u00e8s San Teodoro, dans un \u00e9tang bordant la route, des flamands roses nous offrent un joli spectacle. Ensuite, c&rsquo;est [&hellip;]<\/p>\n","protected":false},"author":1,"featured_media":0,"parent":3003,"menu_order":3,"comment_status":"open","ping_status":"closed","template":"","meta":{"jetpack_post_was_ever_published":false,"footnotes":""},"class_list":["post-4381","page","type-page","status-publish","hentry"],"jetpack_likes_enabled":true,"jetpack_sharing_enabled":true,"_links":{"self":[{"href":"https:\/\/2l-a-velo.com\/index.php?rest_route=\/wp\/v2\/pages\/4381","targetHints":{"allow":["GET"]}}],"collection":[{"href":"https:\/\/2l-a-velo.com\/index.php?rest_route=\/wp\/v2\/pages"}],"about":[{"href":"https:\/\/2l-a-velo.com\/index.php?rest_route=\/wp\/v2\/types\/page"}],"author":[{"embeddable":true,"href":"https:\/\/2l-a-velo.com\/index.php?rest_route=\/wp\/v2\/users\/1"}],"replies":[{"embeddable":true,"href":"https:\/\/2l-a-velo.com\/index.php?rest_route=%2Fwp%2Fv2%2Fcomments&post=4381"}],"version-history":[{"count":48,"href":"https:\/\/2l-a-velo.com\/index.php?rest_route=\/wp\/v2\/pages\/4381\/revisions"}],"predecessor-version":[{"id":4640,"href":"https:\/\/2l-a-velo.com\/index.php?rest_route=\/wp\/v2\/pages\/4381\/revisions\/4640"}],"up":[{"embeddable":true,"href":"https:\/\/2l-a-velo.com\/index.php?rest_route=\/wp\/v2\/pages\/3003"}],"wp:attachment":[{"href":"https:\/\/2l-a-velo.com\/index.php?rest_route=%2Fwp%2Fv2%2Fmedia&parent=4381"}],"curies":[{"name":"wp","href":"https:\/\/api.w.org\/{rel}","templated":true}]}}