{"id":537,"date":"2019-05-26T02:57:55","date_gmt":"2019-05-26T00:57:55","guid":{"rendered":"http:\/\/2l-a-velo.com\/?page_id=537"},"modified":"2022-03-02T18:19:32","modified_gmt":"2022-03-02T17:19:32","slug":"medellin","status":"publish","type":"page","link":"https:\/\/2l-a-velo.com\/?page_id=537","title":{"rendered":"Medell\u00edn"},"content":{"rendered":"\n<div class=\"wp-block-media-text alignwide is-stacked-on-mobile\"><figure class=\"wp-block-media-text__media\"><img loading=\"lazy\" decoding=\"async\" width=\"1024\" height=\"682\" src=\"https:\/\/2l-a-velo.com\/wp-content\/uploads\/2019\/05\/P1013841-1024x682.jpg\" alt=\"\" class=\"wp-image-539 size-full\" srcset=\"https:\/\/2l-a-velo.com\/wp-content\/uploads\/2019\/05\/P1013841-1024x682.jpg 1024w, https:\/\/2l-a-velo.com\/wp-content\/uploads\/2019\/05\/P1013841-300x200.jpg 300w, https:\/\/2l-a-velo.com\/wp-content\/uploads\/2019\/05\/P1013841-768x512.jpg 768w, https:\/\/2l-a-velo.com\/wp-content\/uploads\/2019\/05\/P1013841-900x600.jpg 900w, https:\/\/2l-a-velo.com\/wp-content\/uploads\/2019\/05\/P1013841-1280x853.jpg 1280w, https:\/\/2l-a-velo.com\/wp-content\/uploads\/2019\/05\/P1013841.jpg 2024w\" sizes=\"auto, (max-width: 1024px) 100vw, 1024px\" \/><\/figure><div class=\"wp-block-media-text__content\">\n<p class=\"has-text-align-center has-accent-background-color has-background has-larger-font-size\"><strong>24 et 25 mai<\/strong><\/p>\n<\/div><\/div>\n\n\n\n<p class=\"has-small-font-size\"> A Medell\u00edn, nous r\u00e9sidons \u00e0 l&rsquo;h\u00f4tel Garden Blues pour trois nuits. C&rsquo;est coquet, c&rsquo;est verdoyant, c&rsquo;est joli. Notre chambre est gaie, suffisamment grande pour extraire  les v\u00e9los des cartons et les remonter !<\/p>\n\n\n\n<p class=\"has-small-font-size\">Un m\u00e9tro ultra moderne nous conduit au centre ville. Nous d\u00e9ambulons dans les rues anim\u00e9es, \u00e7a grouille, \u00e7a vit, \u00e7a bouge, c&rsquo;est color\u00e9 ! Les filles sont en forme et ont des formes. C&rsquo;est Botero dans toute sa splendeur !<\/p>\n\n\n\n<div class=\"wp-block-button aligncenter\"><a class=\"wp-block-button__link has-background\" href=\"https:\/\/photos.google.com\/share\/AF1QipNHATGxYKox1S053CGRNVhbRTxt79Aat_f0Qiets-oHspm1Y-ffMUaZ6XkrcsYVyg\/photo\/AF1QipPc31eNjdq8h7RsCeWyPc2gwnacoRUCNDVL2DHi?key=ZVZXWFkxeTFiVjhrcEN4Y1lMTHlpU002ZFRHaG9n\" style=\"background-color:#0b5c7f\">Photos du 24 mai (cliquez)<\/a><\/div>\n\n\n\n<p class=\"has-small-font-size\">Samedi, nous prenons le m\u00e9tro c\u00e2ble construit par une entreprise fran\u00e7aise. Nous avons \u00ab\u00a0survol\u00e9\u00a0\u00bb les vall\u00e9es environnantes, surplomb\u00e9 la ville de Medell\u00edn, domin\u00e9 les \u00ab\u00a0barrios\u00a0\u00bb avant d&rsquo;arriver \u00e0 La Aurora.<\/p>\n\n\n\n<p class=\"has-small-font-size\">L&rsquo;apr\u00e8s-midi , autres barrios avec la visite de la Comuna 13 et de ses graffitis. Tout est color\u00e9, murs et maisons, c&rsquo;est d\u00e9paysant m\u00eame si les touristes y sont bien pr\u00e9sents. <\/p>\n\n\n\n<div class=\"wp-block-image\"><figure class=\"aligncenter\"><img loading=\"lazy\" decoding=\"async\" width=\"300\" height=\"200\" src=\"https:\/\/2l-a-velo.com\/wp-content\/uploads\/2019\/05\/372A1548-300x200.jpg\" alt=\"\" class=\"wp-image-553\" srcset=\"https:\/\/2l-a-velo.com\/wp-content\/uploads\/2019\/05\/372A1548-300x200.jpg 300w, https:\/\/2l-a-velo.com\/wp-content\/uploads\/2019\/05\/372A1548-768x512.jpg 768w, https:\/\/2l-a-velo.com\/wp-content\/uploads\/2019\/05\/372A1548-1024x682.jpg 1024w, https:\/\/2l-a-velo.com\/wp-content\/uploads\/2019\/05\/372A1548-900x600.jpg 900w, https:\/\/2l-a-velo.com\/wp-content\/uploads\/2019\/05\/372A1548-1280x853.jpg 1280w, https:\/\/2l-a-velo.com\/wp-content\/uploads\/2019\/05\/372A1548.jpg 2024w\" sizes=\"auto, (max-width: 300px) 100vw, 300px\" \/><\/figure><\/div>\n\n\n\n<p class=\"has-small-font-size\">Nos deux jours pass\u00e9s \u00e0 Medell\u00edn nous ont fait d\u00e9couvrir une ville vivante et anim\u00e9e avec des habitants serviables, souriants et gentils. De plus, la ville est tr\u00e8s propre et jamais nous ne nous y sommes sentis en ins\u00e9curit\u00e9. <\/p>\n\n\n\n<p class=\"has-text-align-center has-accent-background-color has-background\"><strong>Une ville \u00e0 d\u00e9couvrir <\/strong><\/p>\n\n\n\n<div class=\"wp-block-button aligncenter\"><a class=\"wp-block-button__link has-background\" href=\"https:\/\/photos.google.com\/share\/AF1QipPr7gz0wtxPLw7H-CitJJCG627XcIek7_JlFFZAnCChNxYOd7QmUmrv2Pc9O-i9Jw\/photo\/AF1QipM5-bmbv_JTMCRV809voP8y_EyU_HTRsM-mjcmE?key=LXBua1lsZ3NLUlNYTTRIbTE3NUNJZFJxOTJpdlJB\" style=\"background-color:#0b5c7f\">Photos du 25 mai (cliquez)<\/a><\/div>\n","protected":false},"excerpt":{"rendered":"<p>24 et 25 mai A Medell\u00edn, nous r\u00e9sidons \u00e0 l&rsquo;h\u00f4tel Garden Blues pour trois nuits. C&rsquo;est coquet, c&rsquo;est verdoyant, c&rsquo;est joli. Notre chambre est gaie, suffisamment grande pour extraire les v\u00e9los des cartons et les remonter ! Un m\u00e9tro ultra moderne nous conduit au centre ville. Nous d\u00e9ambulons dans les rues anim\u00e9es, \u00e7a grouille, \u00e7a [&hellip;]<\/p>\n","protected":false},"author":2,"featured_media":0,"parent":122,"menu_order":1,"comment_status":"open","ping_status":"closed","template":"","meta":{"jetpack_post_was_ever_published":false,"footnotes":""},"class_list":["post-537","page","type-page","status-publish","hentry"],"jetpack_likes_enabled":true,"jetpack_sharing_enabled":true,"_links":{"self":[{"href":"https:\/\/2l-a-velo.com\/index.php?rest_route=\/wp\/v2\/pages\/537","targetHints":{"allow":["GET"]}}],"collection":[{"href":"https:\/\/2l-a-velo.com\/index.php?rest_route=\/wp\/v2\/pages"}],"about":[{"href":"https:\/\/2l-a-velo.com\/index.php?rest_route=\/wp\/v2\/types\/page"}],"author":[{"embeddable":true,"href":"https:\/\/2l-a-velo.com\/index.php?rest_route=\/wp\/v2\/users\/2"}],"replies":[{"embeddable":true,"href":"https:\/\/2l-a-velo.com\/index.php?rest_route=%2Fwp%2Fv2%2Fcomments&post=537"}],"version-history":[{"count":15,"href":"https:\/\/2l-a-velo.com\/index.php?rest_route=\/wp\/v2\/pages\/537\/revisions"}],"predecessor-version":[{"id":6859,"href":"https:\/\/2l-a-velo.com\/index.php?rest_route=\/wp\/v2\/pages\/537\/revisions\/6859"}],"up":[{"embeddable":true,"href":"https:\/\/2l-a-velo.com\/index.php?rest_route=\/wp\/v2\/pages\/122"}],"wp:attachment":[{"href":"https:\/\/2l-a-velo.com\/index.php?rest_route=%2Fwp%2Fv2%2Fmedia&parent=537"}],"curies":[{"name":"wp","href":"https:\/\/api.w.org\/{rel}","templated":true}]}}

Medellín

<div class="wp-block-media-text alignwide is-stacked-on-mobile"><figure class="wp-block-media-text__media"><img loading="lazy" decoding="async" width="1024" height="682" src="https://2l-a-velo.com/wp-content/uploads/2019/05/P1013841-1024x682.jpg" alt="" class="wp-image-539 size-full" srcset="https://2l-a-velo.com/wp-content/uploads/2019/05/P1013841-1024x682.jpg 1024w, https://2l-a-velo.com/wp-content/uploads/2019/05/P1013841-300x200.jpg 300w, https://2l-a-velo.com/wp-content/uploads/2019/05/P1013841-768x512.jpg 768w, https://2l-a-velo.com/wp-content/uploads/2019/05/P1013841-900x600.jpg 900w, https://2l-a-velo.com/wp-content/uploads/2019/05/P1013841-1280x853.jpg 1280w, https://2l-a-velo.com/wp-content/uploads/2019/05/P1013841.jpg 2024w" sizes="auto, (max-width: 1024px) 100vw, 1024px" /></figure><div class="wp-block-media-text__content">
<p class="has-text-align-center has-accent-background-color has-background has-larger-font-size"><strong>24 et 25 mai</strong></p>
</div></div>



<p class="has-small-font-size"> A Medellín, nous résidons à l&rsquo;hôtel Garden Blues pour trois nuits. C&rsquo;est coquet, c&rsquo;est verdoyant, c&rsquo;est joli. Notre chambre est gaie, suffisamment grande pour extraire  les vélos des cartons et les remonter !</p>



<p class="has-small-font-size">Un métro ultra moderne nous conduit au centre ville. Nous déambulons dans les rues animées, ça grouille, ça vit, ça bouge, c&rsquo;est coloré ! Les filles sont en forme et ont des formes. C&rsquo;est Botero dans toute sa splendeur !</p>



<div class="wp-block-button aligncenter"><a class="wp-block-button__link has-background" href="https://photos.google.com/share/AF1QipNHATGxYKox1S053CGRNVhbRTxt79Aat_f0Qiets-oHspm1Y-ffMUaZ6XkrcsYVyg/photo/AF1QipPc31eNjdq8h7RsCeWyPc2gwnacoRUCNDVL2DHi?key=ZVZXWFkxeTFiVjhrcEN4Y1lMTHlpU002ZFRHaG9n" style="background-color:#0b5c7f">Photos du 24 mai (cliquez)</a></div>



<p class="has-small-font-size">Samedi, nous prenons le métro câble construit par une entreprise française. Nous avons « survolé » les vallées environnantes, surplombé la ville de Medellín, dominé les « barrios » avant d&rsquo;arriver à La Aurora.</p>



<p class="has-small-font-size">L&rsquo;après-midi , autres barrios avec la visite de la Comuna 13 et de ses graffitis. Tout est coloré, murs et maisons, c&rsquo;est dépaysant même si les touristes y sont bien présents. </p>



<div class="wp-block-image"><figure class="aligncenter"><img loading="lazy" decoding="async" width="300" height="200" src="https://2l-a-velo.com/wp-content/uploads/2019/05/372A1548-300x200.jpg" alt="" class="wp-image-553" srcset="https://2l-a-velo.com/wp-content/uploads/2019/05/372A1548-300x200.jpg 300w, https://2l-a-velo.com/wp-content/uploads/2019/05/372A1548-768x512.jpg 768w, https://2l-a-velo.com/wp-content/uploads/2019/05/372A1548-1024x682.jpg 1024w, https://2l-a-velo.com/wp-content/uploads/2019/05/372A1548-900x600.jpg 900w, https://2l-a-velo.com/wp-content/uploads/2019/05/372A1548-1280x853.jpg 1280w, https://2l-a-velo.com/wp-content/uploads/2019/05/372A1548.jpg 2024w" sizes="auto, (max-width: 300px) 100vw, 300px" /></figure></div>



<p class="has-small-font-size">Nos deux jours passés à Medellín nous ont fait découvrir une ville vivante et animée avec des habitants serviables, souriants et gentils. De plus, la ville est très propre et jamais nous ne nous y sommes sentis en insécurité. </p>



<p class="has-text-align-center has-accent-background-color has-background"><strong>Une ville à découvrir </strong></p>



<div class="wp-block-button aligncenter"><a class="wp-block-button__link has-background" href="https://photos.google.com/share/AF1QipPr7gz0wtxPLw7H-CitJJCG627XcIek7_JlFFZAnCChNxYOd7QmUmrv2Pc9O-i9Jw/photo/AF1QipM5-bmbv_JTMCRV809voP8y_EyU_HTRsM-mjcmE?key=LXBua1lsZ3NLUlNYTTRIbTE3NUNJZFJxOTJpdlJB" style="background-color:#0b5c7f">Photos du 25 mai (cliquez)</a></div>

<p>24 et 25 mai A Medellín, nous résidons à l&rsquo;hôtel Garden Blues pour trois nuits. C&rsquo;est coquet, c&rsquo;est verdoyant, c&rsquo;est joli. Notre chambre est gaie, suffisamment grande pour extraire les vélos des cartons et les remonter ! Un métro ultra moderne nous conduit au centre ville. Nous déambulons dans les rues animées, ça grouille, ça [&hellip;]</p>
