{"id":571,"date":"2019-06-01T19:52:42","date_gmt":"2019-06-01T17:52:42","guid":{"rendered":"http:\/\/2l-a-velo.com\/?page_id=571"},"modified":"2022-03-03T17:11:24","modified_gmt":"2022-03-03T16:11:24","slug":"de-chichina-a-calarca","status":"publish","type":"page","link":"https:\/\/2l-a-velo.com\/?page_id=571","title":{"rendered":"De Chichina \u00e0 Calarca"},"content":{"rendered":"\n<div class=\"wp-block-media-text alignwide is-stacked-on-mobile\"><figure class=\"wp-block-media-text__media\"><img loading=\"lazy\" decoding=\"async\" width=\"1024\" height=\"682\" src=\"https:\/\/2l-a-velo.com\/wp-content\/uploads\/2019\/06\/P1014194-1-1024x682.jpg\" alt=\"\" class=\"wp-image-573 size-full\" srcset=\"https:\/\/2l-a-velo.com\/wp-content\/uploads\/2019\/06\/P1014194-1-1024x682.jpg 1024w, https:\/\/2l-a-velo.com\/wp-content\/uploads\/2019\/06\/P1014194-1-300x200.jpg 300w, https:\/\/2l-a-velo.com\/wp-content\/uploads\/2019\/06\/P1014194-1-768x512.jpg 768w, https:\/\/2l-a-velo.com\/wp-content\/uploads\/2019\/06\/P1014194-1-900x600.jpg 900w, https:\/\/2l-a-velo.com\/wp-content\/uploads\/2019\/06\/P1014194-1-1280x853.jpg 1280w, https:\/\/2l-a-velo.com\/wp-content\/uploads\/2019\/06\/P1014194-1.jpg 2024w\" sizes=\"auto, (max-width: 1024px) 100vw, 1024px\" \/><\/figure><div class=\"wp-block-media-text__content\">\n<p class=\"has-large-font-size\"><strong>Du 29 mai au 1er juin<\/strong><\/p>\n<\/div><\/div>\n\n\n\n<p class=\"has-small-font-size\">Nous quittons Chichina par une belle mont\u00e9e bien raide et nous p\u00e9n\u00e9trons dans la r\u00e9gion du caf\u00e9, une des r\u00e9gions les plus touristiques de la Colombie. Nous ondulons ensuite entre les fermes productrices de caf\u00e9, les fincas, sur une route o\u00f9 nous rencontrons pas mal de cyclistes. La descente vers la ville de Pereira nous verra doubler les camions, une belle descente, un bon moment de plaisir. Cela se g\u00e2te un peu dans la travers\u00e9e de la ville&#8230; \u00e9norm\u00e9ment de circulation, manifestation d&rsquo;\u00e9tudiants sur le viaduc, des voitures \u00e0 droite, des voitures \u00e0 gauche, des  motos devant, des motos derri\u00e8re, bref, un moment de bravoure !!!<\/p>\n\n\n\n<p class=\"has-small-font-size\">Apr\u00e8s une mont\u00e9e d&rsquo;une vingtaine de kilom\u00e8tres, il se fait tard et le soir arrive (ici la nuit tombe tous les jours vers 18 h), la pluie aussi. Heureusement, une hospedaje nous accueille pour la nuit. Laure en bonne n\u00e9gociatrice arrive \u00e0 faire baisser le prix de la nuit de moiti\u00e9 !!!<\/p>\n\n\n\n<p class=\"has-small-font-size\">Le lendemain, nous gagnons Salento o\u00f9 nous passerons deux jours. Salento est un joli village qui ne vit que du tourisme. Les rues sont bord\u00e9es de restaurants, de caf\u00e9s et de boutiques de souvenirs ! C&rsquo;est un village malgr\u00e9 tout fort agr\u00e9able o\u00f9 d\u00e9ambulent des  touristes de toutes nationalit\u00e9s. La vall\u00e9e de Cocora, que nous rejoindrons avec nos v\u00e9los non charg\u00e9s, c&rsquo;est la vall\u00e9e des palmiers de cire, ce palmier qui peut atteindre 70 m de haut ! Si nous y sommes all\u00e9s \u00e0 v\u00e9los, la plupart des touristes s&rsquo;y font transporter en 4X4, quelle aventure !!!<\/p>\n\n\n\n<p class=\"has-accent-background-color has-background has-small-font-size\">Les sentiers de Cocora \u00e9tant boueux \u00e0 souhait, Laure a eu le courage de descendre dans un ruisseau pour nettoyer les v\u00e9los !!!<\/p>\n\n\n\n<div class=\"wp-block-button aligncenter\"><a class=\"wp-block-button__link has-background\" href=\"https:\/\/photos.google.com\/share\/AF1QipPLDEXrmfqktNyaM02XE3d0aNhGS9YOedEeDbza7DQrRpiF5K9XYRiFfHbUTEfyPA\/photo\/AF1QipOZy3e6jJIUJkayWpmifbr9Up7A9GQbarhfZnt-?key=d2IzLWZyckdjYUt2RUdUcTRwY29EQlBlSkprY3R3\" style=\"background-color:#0a81b4\">Quelques photos (cliquez)<\/a><\/div>\n\n\n\n<p class=\"has-small-font-size\">A Calarca, apr\u00e8s seulement 27 km, nous nous posons dans un h\u00f4tel. Il est d\u00e9j\u00e0 10 h 30 et c&rsquo;est trop tard pour attaquer les 21 km de mont\u00e9e \u00e0 l&rsquo;Alto de la Linea qui culmine \u00e0 3300 m alors que nous ne sommes qu&rsquo;\u00e0 1600 m. Nous n&rsquo;allons pas bien vite avec notre chargement. De plus, le temps est moyen  avec des averses dans l&rsquo;apr\u00e8s-midi. <\/p>\n","protected":false},"excerpt":{"rendered":"<p>Du 29 mai au 1er juin Nous quittons Chichina par une belle mont\u00e9e bien raide et nous p\u00e9n\u00e9trons dans la r\u00e9gion du caf\u00e9, une des r\u00e9gions les plus touristiques de la Colombie. Nous ondulons ensuite entre les fermes productrices de caf\u00e9, les fincas, sur une route o\u00f9 nous rencontrons pas mal de cyclistes. La descente [&hellip;]<\/p>\n","protected":false},"author":1,"featured_media":0,"parent":122,"menu_order":3,"comment_status":"open","ping_status":"closed","template":"","meta":{"jetpack_post_was_ever_published":false,"footnotes":""},"class_list":["post-571","page","type-page","status-publish","hentry"],"jetpack_likes_enabled":true,"jetpack_sharing_enabled":true,"_links":{"self":[{"href":"https:\/\/2l-a-velo.com\/index.php?rest_route=\/wp\/v2\/pages\/571","targetHints":{"allow":["GET"]}}],"collection":[{"href":"https:\/\/2l-a-velo.com\/index.php?rest_route=\/wp\/v2\/pages"}],"about":[{"href":"https:\/\/2l-a-velo.com\/index.php?rest_route=\/wp\/v2\/types\/page"}],"author":[{"embeddable":true,"href":"https:\/\/2l-a-velo.com\/index.php?rest_route=\/wp\/v2\/users\/1"}],"replies":[{"embeddable":true,"href":"https:\/\/2l-a-velo.com\/index.php?rest_route=%2Fwp%2Fv2%2Fcomments&post=571"}],"version-history":[{"count":5,"href":"https:\/\/2l-a-velo.com\/index.php?rest_route=\/wp\/v2\/pages\/571\/revisions"}],"predecessor-version":[{"id":4630,"href":"https:\/\/2l-a-velo.com\/index.php?rest_route=\/wp\/v2\/pages\/571\/revisions\/4630"}],"up":[{"embeddable":true,"href":"https:\/\/2l-a-velo.com\/index.php?rest_route=\/wp\/v2\/pages\/122"}],"wp:attachment":[{"href":"https:\/\/2l-a-velo.com\/index.php?rest_route=%2Fwp%2Fv2%2Fmedia&parent=571"}],"curies":[{"name":"wp","href":"https:\/\/api.w.org\/{rel}","templated":true}]}}