{"id":6925,"date":"2023-01-28T19:29:54","date_gmt":"2023-01-28T18:29:54","guid":{"rendered":"https:\/\/2l-a-velo.com\/?page_id=6925"},"modified":"2023-01-29T01:29:40","modified_gmt":"2023-01-29T00:29:40","slug":"de-bariloche-a-el-bolson","status":"publish","type":"page","link":"https:\/\/2l-a-velo.com\/?page_id=6925","title":{"rendered":"De Bariloche \u00e0 El Bolson"},"content":{"rendered":"\n<div class=\"wp-block-media-text alignwide is-stacked-on-mobile\" style=\"grid-template-columns:58% auto\"><figure class=\"wp-block-media-text__media\"><img loading=\"lazy\" decoding=\"async\" width=\"1024\" height=\"575\" src=\"https:\/\/2l-a-velo.com\/wp-content\/uploads\/2023\/01\/P1033196-1024x575.jpg\" alt=\"\" class=\"wp-image-6942 size-full\" srcset=\"https:\/\/2l-a-velo.com\/wp-content\/uploads\/2023\/01\/P1033196-1024x575.jpg 1024w, https:\/\/2l-a-velo.com\/wp-content\/uploads\/2023\/01\/P1033196-300x168.jpg 300w, https:\/\/2l-a-velo.com\/wp-content\/uploads\/2023\/01\/P1033196-768x431.jpg 768w, https:\/\/2l-a-velo.com\/wp-content\/uploads\/2023\/01\/P1033196-1536x862.jpg 1536w, https:\/\/2l-a-velo.com\/wp-content\/uploads\/2023\/01\/P1033196-2048x1149.jpg 2048w, https:\/\/2l-a-velo.com\/wp-content\/uploads\/2023\/01\/P1033196-900x505.jpg 900w, https:\/\/2l-a-velo.com\/wp-content\/uploads\/2023\/01\/P1033196-1280x718.jpg 1280w\" sizes=\"auto, (max-width: 1024px) 100vw, 1024px\" \/><\/figure><div class=\"wp-block-media-text__content\">\n<p class=\"has-text-align-center has-large-font-size\"><strong>Du 22 au 24 janvier 2023<\/strong><\/p>\n<\/div><\/div>\n\n\n\n<div class=\"wp-block-media-text alignwide has-media-on-the-right is-stacked-on-mobile\"><div class=\"wp-block-media-text__content\">\n<p>Nous quittons Bariloche par une pente bien raide et rejoignons la ruta 40. C&rsquo;est la plus longue route d&rsquo;Argentine ; elle traverse le pays de la fronti\u00e8re bolivienne au nord jusqu&rsquo;\u00e0 la Patagonie au sud sur une distance de 5 000 km environ.<\/p>\n<\/div><figure class=\"wp-block-media-text__media\"><img loading=\"lazy\" decoding=\"async\" width=\"1024\" height=\"683\" src=\"https:\/\/2l-a-velo.com\/wp-content\/uploads\/2023\/01\/372A8143-1024x683.jpg\" alt=\"\" class=\"wp-image-6931 size-full\" srcset=\"https:\/\/2l-a-velo.com\/wp-content\/uploads\/2023\/01\/372A8143-1024x683.jpg 1024w, https:\/\/2l-a-velo.com\/wp-content\/uploads\/2023\/01\/372A8143-300x200.jpg 300w, https:\/\/2l-a-velo.com\/wp-content\/uploads\/2023\/01\/372A8143-768x512.jpg 768w, https:\/\/2l-a-velo.com\/wp-content\/uploads\/2023\/01\/372A8143-1536x1024.jpg 1536w, https:\/\/2l-a-velo.com\/wp-content\/uploads\/2023\/01\/372A8143-2048x1366.jpg 2048w, https:\/\/2l-a-velo.com\/wp-content\/uploads\/2023\/01\/372A8143-900x600.jpg 900w, https:\/\/2l-a-velo.com\/wp-content\/uploads\/2023\/01\/372A8143-1280x854.jpg 1280w\" sizes=\"auto, (max-width: 1024px) 100vw, 1024px\" \/><\/figure><\/div>\n\n\n\n<div class=\"wp-block-media-text alignwide is-stacked-on-mobile\"><figure class=\"wp-block-media-text__media\"><img loading=\"lazy\" decoding=\"async\" width=\"1024\" height=\"683\" src=\"https:\/\/2l-a-velo.com\/wp-content\/uploads\/2023\/01\/372A8150-1024x683.jpg\" alt=\"\" class=\"wp-image-6932 size-full\" srcset=\"https:\/\/2l-a-velo.com\/wp-content\/uploads\/2023\/01\/372A8150-1024x683.jpg 1024w, https:\/\/2l-a-velo.com\/wp-content\/uploads\/2023\/01\/372A8150-300x200.jpg 300w, https:\/\/2l-a-velo.com\/wp-content\/uploads\/2023\/01\/372A8150-768x512.jpg 768w, https:\/\/2l-a-velo.com\/wp-content\/uploads\/2023\/01\/372A8150-1536x1024.jpg 1536w, https:\/\/2l-a-velo.com\/wp-content\/uploads\/2023\/01\/372A8150-2048x1366.jpg 2048w, https:\/\/2l-a-velo.com\/wp-content\/uploads\/2023\/01\/372A8150-900x600.jpg 900w, https:\/\/2l-a-velo.com\/wp-content\/uploads\/2023\/01\/372A8150-1280x854.jpg 1280w\" sizes=\"auto, (max-width: 1024px) 100vw, 1024px\" \/><\/figure><div class=\"wp-block-media-text__content\">\n<p>Nous y trouvons un vent de face assez puissant, bienvenue en Patagonie ! Comme nous le pr\u00e9voyions, cela circule beaucoup mais la route est large. Elle ondule en for\u00eat en longeant des lacs et avec les montagnes en arri\u00e8re plan, c&rsquo;est tr\u00e8s beau !<\/p>\n<\/div><\/div>\n\n\n\n<p>C&rsquo;est l&rsquo;\u00e9t\u00e9, les grandes vacances ici. Des voitures, aux galeries charg\u00e9es \u00e0 ras bord, tractant parfois des caravanes d&rsquo;un autre \u00e2ge, emm\u00e8nent leurs occupants aux bords des lacs.<\/p>\n\n\n\n<div class=\"wp-block-media-text alignwide has-media-on-the-right is-stacked-on-mobile\" style=\"grid-template-columns:auto 59%\"><div class=\"wp-block-media-text__content\">\n<p>Nous nous pausons au bord du lac Guillelmo pour pique-niquer en compagnie de nombreux Argentins pr\u00e9parant des asados (barbecue) et buvant le mat\u00e9.<\/p>\n<\/div><figure class=\"wp-block-media-text__media\"><img loading=\"lazy\" decoding=\"async\" width=\"1024\" height=\"575\" src=\"https:\/\/2l-a-velo.com\/wp-content\/uploads\/2023\/01\/P1033176-1024x575.jpg\" alt=\"\" class=\"wp-image-6933 size-full\" srcset=\"https:\/\/2l-a-velo.com\/wp-content\/uploads\/2023\/01\/P1033176-1024x575.jpg 1024w, https:\/\/2l-a-velo.com\/wp-content\/uploads\/2023\/01\/P1033176-300x168.jpg 300w, https:\/\/2l-a-velo.com\/wp-content\/uploads\/2023\/01\/P1033176-768x431.jpg 768w, https:\/\/2l-a-velo.com\/wp-content\/uploads\/2023\/01\/P1033176-1536x862.jpg 1536w, https:\/\/2l-a-velo.com\/wp-content\/uploads\/2023\/01\/P1033176-2048x1149.jpg 2048w, https:\/\/2l-a-velo.com\/wp-content\/uploads\/2023\/01\/P1033176-900x505.jpg 900w, https:\/\/2l-a-velo.com\/wp-content\/uploads\/2023\/01\/P1033176-1280x718.jpg 1280w\" sizes=\"auto, (max-width: 1024px) 100vw, 1024px\" \/><\/figure><\/div>\n\n\n\n<p>La ruta 40 nous montera \u00e0 1040 m, plongera sur le village de Rio Villegas par une descente de 11 km avant de nous remonter jusqu&rsquo;au village d&rsquo;El Foyel.<\/p>\n\n\n\n<p>M\u00eame si la ruta 40 est tr\u00e8s emprunt\u00e9e, la r\u00e9gion est assez d\u00e9serte. Peu de villages depuis Bariloche, peu de terres cultiv\u00e9es, beaucoup de bois et depuis que nous avons quitt\u00e9 la r\u00e9gion des lacs, plus de camping ! <\/p>\n\n\n\n<div class=\"wp-block-media-text alignwide is-stacked-on-mobile\"><figure class=\"wp-block-media-text__media\"><img loading=\"lazy\" decoding=\"async\" width=\"1024\" height=\"575\" src=\"https:\/\/2l-a-velo.com\/wp-content\/uploads\/2023\/01\/P1033209-1024x575.jpg\" alt=\"\" class=\"wp-image-6935 size-full\" srcset=\"https:\/\/2l-a-velo.com\/wp-content\/uploads\/2023\/01\/P1033209-1024x575.jpg 1024w, https:\/\/2l-a-velo.com\/wp-content\/uploads\/2023\/01\/P1033209-300x168.jpg 300w, https:\/\/2l-a-velo.com\/wp-content\/uploads\/2023\/01\/P1033209-768x431.jpg 768w, https:\/\/2l-a-velo.com\/wp-content\/uploads\/2023\/01\/P1033209-1536x862.jpg 1536w, https:\/\/2l-a-velo.com\/wp-content\/uploads\/2023\/01\/P1033209-2048x1149.jpg 2048w, https:\/\/2l-a-velo.com\/wp-content\/uploads\/2023\/01\/P1033209-900x505.jpg 900w, https:\/\/2l-a-velo.com\/wp-content\/uploads\/2023\/01\/P1033209-1280x718.jpg 1280w\" sizes=\"auto, (max-width: 1024px) 100vw, 1024px\" \/><\/figure><div class=\"wp-block-media-text__content\">\n<p>Alors, nous bivouaquerons dans un tr\u00e8s bel endroit au bord d&rsquo;une rivi\u00e8re. Nous serons surpris d&rsquo;entendre de petits craquements autour de nous : ce sont les fruits des gen\u00eats qui \u00e9clatent !<\/p>\n<\/div><\/div>\n\n\n\n<p>La nuit est ponctu\u00e9e de grosses averses, la pluie se calmera \u00e0 7 h et nous ne la reverrons plus de la journ\u00e9e.<\/p>\n\n\n\n<div class=\"wp-block-media-text alignwide has-media-on-the-right is-stacked-on-mobile\"><div class=\"wp-block-media-text__content\">\n<p>L&rsquo;\u00e9tape vers El Bolson est courte et majoritairement descendante. Comme nous approchons d&rsquo;El Bolson, la campagne se peuple un peu de maisons en bois caract\u00e9ristiques de cette r\u00e9gion.<\/p>\n<\/div><figure class=\"wp-block-media-text__media\"><img loading=\"lazy\" decoding=\"async\" width=\"1024\" height=\"683\" src=\"https:\/\/2l-a-velo.com\/wp-content\/uploads\/2023\/01\/372A8224-1024x683.jpg\" alt=\"\" class=\"wp-image-6936 size-full\" srcset=\"https:\/\/2l-a-velo.com\/wp-content\/uploads\/2023\/01\/372A8224-1024x683.jpg 1024w, https:\/\/2l-a-velo.com\/wp-content\/uploads\/2023\/01\/372A8224-300x200.jpg 300w, https:\/\/2l-a-velo.com\/wp-content\/uploads\/2023\/01\/372A8224-768x512.jpg 768w, https:\/\/2l-a-velo.com\/wp-content\/uploads\/2023\/01\/372A8224-1536x1024.jpg 1536w, https:\/\/2l-a-velo.com\/wp-content\/uploads\/2023\/01\/372A8224-2048x1366.jpg 2048w, https:\/\/2l-a-velo.com\/wp-content\/uploads\/2023\/01\/372A8224-900x600.jpg 900w, https:\/\/2l-a-velo.com\/wp-content\/uploads\/2023\/01\/372A8224-1280x854.jpg 1280w\" sizes=\"auto, (max-width: 1024px) 100vw, 1024px\" \/><\/figure><\/div>\n\n\n\n<p>Arriv\u00e9s \u00e0 El Bolson, une ville qui draine pas mal de monde dont un nombre important de \u00ab\u00a0routards\u00a0\u00bb sacs au dos ! <\/p>\n\n\n\n<p>Au guichets des banques , les gens font la queue pour retirer de l&rsquo;argent et en regardant autour de soi, on voit qu&rsquo;une certaine mis\u00e8re est bien pr\u00e9sente. <\/p>\n\n\n\n<p>El Bolson n&rsquo;a rien d&rsquo;extraordinaire mais on y trouve une jolie place autour d&rsquo;un plan d&rsquo;eau, un march\u00e9 artisanal et&#8230; tout ce qu&rsquo;il faut pour des voyageurs en itin\u00e9rance.<\/p>\n\n\n\n<figure class=\"wp-block-image size-large\"><img loading=\"lazy\" decoding=\"async\" width=\"1024\" height=\"575\" src=\"https:\/\/2l-a-velo.com\/wp-content\/uploads\/2023\/01\/P1033226-1024x575.jpg\" alt=\"\" class=\"wp-image-6940\" srcset=\"https:\/\/2l-a-velo.com\/wp-content\/uploads\/2023\/01\/P1033226-1024x575.jpg 1024w, https:\/\/2l-a-velo.com\/wp-content\/uploads\/2023\/01\/P1033226-300x168.jpg 300w, https:\/\/2l-a-velo.com\/wp-content\/uploads\/2023\/01\/P1033226-768x431.jpg 768w, https:\/\/2l-a-velo.com\/wp-content\/uploads\/2023\/01\/P1033226-1536x862.jpg 1536w, https:\/\/2l-a-velo.com\/wp-content\/uploads\/2023\/01\/P1033226-2048x1149.jpg 2048w, https:\/\/2l-a-velo.com\/wp-content\/uploads\/2023\/01\/P1033226-900x505.jpg 900w, https:\/\/2l-a-velo.com\/wp-content\/uploads\/2023\/01\/P1033226-1280x718.jpg 1280w\" sizes=\"auto, (max-width: 1024px) 100vw, 1024px\" \/><figcaption class=\"wp-element-caption\"><strong>EL BOLSON<\/strong><\/figcaption><\/figure>\n\n\n\n<p>Le camping Patagonico, o\u00f9 nous nous pausons, est un \u00ab\u00a0repaire\u00a0\u00bb (au bon sens du terme) de routards, c&rsquo;est aussi la r\u00e9putation d&rsquo;El bolson !<\/p>\n\n\n\n<p>Dans ce camping, partout des petites tentes, une ambiance ! Ici pas de camping cars (on en voit tr\u00e8s peu dans ces pays), mais finalement, une \u00e9closion de tentes de toutes les couleurs sur l&rsquo;herbe verte du camping, c&rsquo;est nettement plus agr\u00e9able !!!<\/p>\n\n\n\n<figure class=\"wp-block-image size-large\"><img loading=\"lazy\" decoding=\"async\" width=\"1024\" height=\"683\" src=\"https:\/\/2l-a-velo.com\/wp-content\/uploads\/2023\/01\/P1033188-1024x683.jpg\" alt=\"\" class=\"wp-image-6939\" srcset=\"https:\/\/2l-a-velo.com\/wp-content\/uploads\/2023\/01\/P1033188-1024x683.jpg 1024w, https:\/\/2l-a-velo.com\/wp-content\/uploads\/2023\/01\/P1033188-300x200.jpg 300w, https:\/\/2l-a-velo.com\/wp-content\/uploads\/2023\/01\/P1033188-768x512.jpg 768w, https:\/\/2l-a-velo.com\/wp-content\/uploads\/2023\/01\/P1033188-1536x1024.jpg 1536w, https:\/\/2l-a-velo.com\/wp-content\/uploads\/2023\/01\/P1033188-2048x1366.jpg 2048w, https:\/\/2l-a-velo.com\/wp-content\/uploads\/2023\/01\/P1033188-900x600.jpg 900w, https:\/\/2l-a-velo.com\/wp-content\/uploads\/2023\/01\/P1033188-1280x854.jpg 1280w\" sizes=\"auto, (max-width: 1024px) 100vw, 1024px\" \/><figcaption class=\"wp-element-caption\"><strong>Cascade aux environs de Las Carpitas<\/strong><\/figcaption><\/figure>\n\n\n\n<div class=\"wp-block-buttons is-layout-flex wp-block-buttons-is-layout-flex\">\n<div class=\"wp-block-button aligncenter\"><a class=\"wp-block-button__link has-background wp-element-button\" href=\"https:\/\/photos.google.com\/u\/0\/share\/AF1QipMlb0h9947SiaOIzuFKqjqIKWFtkZJ5DO4enn5SYbTKf-AUT-lNdRdJ42cIZVJoHQ\/photo\/AF1QipNa64VX2KPQhTYTjn2FGYzwh4dhZhu5wJdq5UiS?key=Y0tZRVFtNTVkTTdObldKeTFkS0IwZ1VMTldzM3pB&amp;hl=es\" style=\"border-radius:10px;background-color:#0173a3\">album photos de bariloche \u00e0 el bolson<\/a><\/div>\n<\/div>\n","protected":false},"excerpt":{"rendered":"<p>Du 22 au 24 janvier 2023 Nous quittons Bariloche par une pente bien raide et rejoignons la ruta 40. C&rsquo;est la plus longue route d&rsquo;Argentine ; elle traverse le pays de la fronti\u00e8re bolivienne au nord jusqu&rsquo;\u00e0 la Patagonie au sud sur une distance de 5 000 km environ. Nous y trouvons un vent de [&hellip;]<\/p>\n","protected":false},"author":1,"featured_media":0,"parent":6921,"menu_order":2,"comment_status":"open","ping_status":"closed","template":"","meta":{"jetpack_post_was_ever_published":false,"footnotes":""},"class_list":["post-6925","page","type-page","status-publish","hentry"],"jetpack_likes_enabled":true,"jetpack_sharing_enabled":true,"_links":{"self":[{"href":"https:\/\/2l-a-velo.com\/index.php?rest_route=\/wp\/v2\/pages\/6925","targetHints":{"allow":["GET"]}}],"collection":[{"href":"https:\/\/2l-a-velo.com\/index.php?rest_route=\/wp\/v2\/pages"}],"about":[{"href":"https:\/\/2l-a-velo.com\/index.php?rest_route=\/wp\/v2\/types\/page"}],"author":[{"embeddable":true,"href":"https:\/\/2l-a-velo.com\/index.php?rest_route=\/wp\/v2\/users\/1"}],"replies":[{"embeddable":true,"href":"https:\/\/2l-a-velo.com\/index.php?rest_route=%2Fwp%2Fv2%2Fcomments&post=6925"}],"version-history":[{"count":14,"href":"https:\/\/2l-a-velo.com\/index.php?rest_route=\/wp\/v2\/pages\/6925\/revisions"}],"predecessor-version":[{"id":6952,"href":"https:\/\/2l-a-velo.com\/index.php?rest_route=\/wp\/v2\/pages\/6925\/revisions\/6952"}],"up":[{"embeddable":true,"href":"https:\/\/2l-a-velo.com\/index.php?rest_route=\/wp\/v2\/pages\/6921"}],"wp:attachment":[{"href":"https:\/\/2l-a-velo.com\/index.php?rest_route=%2Fwp%2Fv2%2Fmedia&parent=6925"}],"curies":[{"name":"wp","href":"https:\/\/api.w.org\/{rel}","templated":true}]}}