{"id":813,"date":"2019-07-12T03:37:46","date_gmt":"2019-07-12T01:37:46","guid":{"rendered":"http:\/\/2l-a-velo.com\/?page_id=813"},"modified":"2022-03-14T11:37:46","modified_gmt":"2022-03-14T10:37:46","slug":"de-quito-a-banos","status":"publish","type":"page","link":"https:\/\/2l-a-velo.com\/?page_id=813","title":{"rendered":"De Quito \u00e0 Banos"},"content":{"rendered":"\n<div class=\"wp-block-media-text alignwide is-stacked-on-mobile\"><figure class=\"wp-block-media-text__media\"><img loading=\"lazy\" decoding=\"async\" width=\"1024\" height=\"682\" src=\"https:\/\/2l-a-velo.com\/wp-content\/uploads\/2019\/07\/372A3140-1024x682.jpg\" alt=\"\" class=\"wp-image-814 size-full\" srcset=\"https:\/\/2l-a-velo.com\/wp-content\/uploads\/2019\/07\/372A3140-1024x682.jpg 1024w, https:\/\/2l-a-velo.com\/wp-content\/uploads\/2019\/07\/372A3140-300x200.jpg 300w, https:\/\/2l-a-velo.com\/wp-content\/uploads\/2019\/07\/372A3140-768x512.jpg 768w, https:\/\/2l-a-velo.com\/wp-content\/uploads\/2019\/07\/372A3140-900x600.jpg 900w, https:\/\/2l-a-velo.com\/wp-content\/uploads\/2019\/07\/372A3140-1280x853.jpg 1280w, https:\/\/2l-a-velo.com\/wp-content\/uploads\/2019\/07\/372A3140.jpg 2024w\" sizes=\"auto, (max-width: 1024px) 100vw, 1024px\" \/><\/figure><div class=\"wp-block-media-text__content\">\n<p class=\"has-text-align-center has-larger-font-size\"><strong>Du 3 au 11 juillet<\/strong><\/p>\n<\/div><\/div>\n\n\n\n<p><\/p>\n\n\n\n<p class=\"has-small-font-size\">Apr\u00e8s Quito, direction le Cotopaxi. A partir de Machichi, nous rejoignons l&rsquo;entr\u00e9e nord du parc. Apr\u00e8s une courte descente sur bitume, c&rsquo;est la piste et quelle piste. Des pav\u00e9s disjoints sur lesquels il est bien difficile de p\u00e9daler, on rebondit, le v\u00e9lo fait un peu ce qu&rsquo;il veut et d\u00e8s que la pente se redresse, il faut pousser. Et cela dure pendant 20 km.  S&rsquo;en suit une piste de sable et cailloux pas bien roulante non plus !  <\/p>\n\n\n\n<p class=\"has-small-font-size\">Et puis, le Cotopaxi appara\u00eet, superbe. C&rsquo;est le volcan actif le plus haut du monde. Sa derni\u00e8re \u00e9ruption date de 2015. C&rsquo;est tellement beau que nous plantons notre tente face au g\u00e9ant \u00e0 3800 m. Le ciel est tout \u00e9toil\u00e9 pendant la nuit mais notre volcan se couvre de nuages au lever du jour, alors tant pis pour les belles lumi\u00e8res du matin. Puis, il se d\u00e9couvre pour nous accompagner sur notre deuxi\u00e8me jour.<\/p>\n\n\n\n<p class=\"has-small-font-size\">C&rsquo;\u00e9tait un emplacement de bivouac fabuleux mais notre filtre \u00e0 eau a donn\u00e9 des signes de faiblesse et le briquet pour allumer le r\u00e9chaud ne fonctionne plus, \u00e7a g\u00e2che un peu. Manger froid \u00e0 3800 m, c&rsquo;est un peu juste.<\/p>\n\n\n\n<figure><iframe loading=\"lazy\" width=\"560\" height=\"315\" src=\"https:\/\/www.youtube.com\/embed\/2gwS17Bc65E\" allowfullscreen=\"\"><\/iframe><\/figure>\n\n\n\n<p class=\"has-small-font-size\">Nous rejoignons une large piste gravillonn\u00e9e qui se transforme en bitume superbe puis ce sera la Panam que nous suivrons jusqu&rsquo;\u00e0 Latacunga o\u00f9 nous resterons le lendemain, Lionel ne se sentant pas trop bien !<\/p>\n\n\n\n<div class=\"wp-block-media-text alignwide is-stacked-on-mobile\"><figure class=\"wp-block-media-text__media\"><img loading=\"lazy\" decoding=\"async\" width=\"1024\" height=\"682\" src=\"https:\/\/2l-a-velo.com\/wp-content\/uploads\/2019\/07\/P1025989-1024x682.jpg\" alt=\"\" class=\"wp-image-845 size-full\" srcset=\"https:\/\/2l-a-velo.com\/wp-content\/uploads\/2019\/07\/P1025989-1024x682.jpg 1024w, https:\/\/2l-a-velo.com\/wp-content\/uploads\/2019\/07\/P1025989-300x200.jpg 300w, https:\/\/2l-a-velo.com\/wp-content\/uploads\/2019\/07\/P1025989-768x512.jpg 768w, https:\/\/2l-a-velo.com\/wp-content\/uploads\/2019\/07\/P1025989-900x600.jpg 900w, https:\/\/2l-a-velo.com\/wp-content\/uploads\/2019\/07\/P1025989-1280x853.jpg 1280w, https:\/\/2l-a-velo.com\/wp-content\/uploads\/2019\/07\/P1025989.jpg 2024w\" sizes=\"auto, (max-width: 1024px) 100vw, 1024px\" \/><\/figure><div class=\"wp-block-media-text__content\">\n<p class=\"has-small-font-size\">Apr\u00e8s cette pause forc\u00e9e, direction Zumbahua. La route, tr\u00e8s belle et tr\u00e8s bien trac\u00e9e, nous fait passer un col \u00e0 4008 m (le premier pour nous au-dessus des 4000 m). Il n&rsquo;y fait pas bien chaud et il y souffle un vent fort bien froid ! Zumbahua est encore loin et nous, \u00e9ternels optimistes, comptions sur un belle descente. Mais nous sommes en Equateur et il y aura plusieurs remont\u00e9es. Finalement nous arriverons bien tard aux alentours de 17 h 30 (rappelez-vous, la nuit tombe vers 18 h 15). <\/p>\n<\/div><\/div>\n\n\n\n<p class=\"has-small-font-size\">Zumbahua n&rsquo;est qu&rsquo;\u00e0 13 km de la lagune du Quilitoa. En chemin, nous rencontrons deux cyclocampeurs roumains ( Mika\u00ebla et Radu) qui se rendent au P\u00e9rou dans les Cordill\u00e8res. Les paysages sont superbes et les gens s&rsquo;activent dans les champs. Malgr\u00e9 quelques tracteurs r\u00e9cents, la plupart du travail se fait \u00e0 la main sur des pentes impressionnantes. De plus, il souffle un vent tr\u00e8s, tr\u00e8s fort et il fait bien froid. Le contraste est saisissant en arrivant \u00e0 la lagune. Des touristes avec sacs \u00e0 dos et perches \u00e0 selfies, des h\u00f4tels et restaurants dont certains de bon standing, des boutiques de ventes de bonnets, ponchos, bracelets&#8230; bref un lieu touristique \u00e0 souhait. Il est vrai que la lagune qui occupe le fond d&rsquo;un crat\u00e8re est magnifique avec ses eaux bleues ou vertes selon l&rsquo;\u00e9clairage. Par contre, le vent souffle ici tr\u00e8s violemment et nous sortirons gros gants et doudounes pour la descente !<\/p>\n\n\n\n<p class=\"has-small-font-size\">Le retour sur Pujili se fera sous un vent tr\u00e8s violent, surtout apr\u00e8s le col de 4000 m, et nous aurons quelquefois bien du mal \u00e0 maintenir nos v\u00e9los. Dans certaines descentes, avec le vent de face, nous sommes oblig\u00e9s de p\u00e9daler pour avancer, si, si !!! <\/p>\n\n\n\n<div class=\"wp-block-media-text alignwide has-media-on-the-right is-stacked-on-mobile\"><figure class=\"wp-block-media-text__media\"><img loading=\"lazy\" decoding=\"async\" width=\"1024\" height=\"682\" src=\"https:\/\/2l-a-velo.com\/wp-content\/uploads\/2019\/07\/P1026114-1024x682.jpg\" alt=\"\" class=\"wp-image-847 size-full\" srcset=\"https:\/\/2l-a-velo.com\/wp-content\/uploads\/2019\/07\/P1026114-1024x682.jpg 1024w, https:\/\/2l-a-velo.com\/wp-content\/uploads\/2019\/07\/P1026114-300x200.jpg 300w, https:\/\/2l-a-velo.com\/wp-content\/uploads\/2019\/07\/P1026114-768x512.jpg 768w, https:\/\/2l-a-velo.com\/wp-content\/uploads\/2019\/07\/P1026114-900x600.jpg 900w, https:\/\/2l-a-velo.com\/wp-content\/uploads\/2019\/07\/P1026114-1280x853.jpg 1280w, https:\/\/2l-a-velo.com\/wp-content\/uploads\/2019\/07\/P1026114.jpg 2024w\" sizes=\"auto, (max-width: 1024px) 100vw, 1024px\" \/><\/figure><div class=\"wp-block-media-text__content\">\n<p class=\"has-text-align-left has-small-font-size\"> L&rsquo;arriv\u00e9e \u00e0 Pujili sera bien agr\u00e9able, le vent est bien moins fort et la temp\u00e9rature plaisante. Pujili est un gros village, propre et tr\u00e8s anim\u00e9, notamment la place du march\u00e9 o\u00f9 l&rsquo;on mange \u00e0 toute heure ! <\/p>\n<\/div><\/div>\n\n\n\n<p class=\"has-small-font-size\"> De Pujili \u00e0 Ambato, nous d\u00e9cidons, pour \u00e9viter un peu la Panam, de passer par le village de Casambaya. Le d\u00e9but est enchanteur ! La route est bord\u00e9e d&rsquo;alo\u00e9s domin\u00e9es par des eucalyptus, de chaque c\u00f4t\u00e9 s&rsquo;\u00e9tendent des cultures mara\u00eech\u00e8res et le ciel est bleu. Et puis, la route plonge dans un canyon et \u00e7a descend, \u00e7a descend&#8230; oui mais en Equateur, question relief, tout se paie et \u00e7a remonte, \u00e7a remonte&#8230; dur, jusqu&rsquo;au village de Casambaya ! Ouf ! Maintenant, cela doit redescendre tranquillement jusqu&rsquo;\u00e0 la Panam ! Erreur, la route est en travaux et ce sera mont\u00e9es et descentes sur pistes avec poussi\u00e8re, boue, camions, bus et 4X4, que du bonheur ! Finalement, nous serons contents (enfin presque) de rejoindre la Panam que nous suivrons jusqu&rsquo;\u00e0 Ambato, grande ville tr\u00e8s pentue, nous sommes en Equateur, non ?<\/p>\n\n\n\n<p class=\"has-small-font-size\">A partir d&rsquo;Ambato, plusieurs possibilit\u00e9s d&rsquo;itin\u00e9raires s&rsquo;offraient \u00e0 nous. Nous avons choisi, apr\u00e8s plusieurs jours dans la sierra (partie andine du pays) de descendre en Oriente (partie amazonienne). Donc, nous descendons vers Banos et ses thermes d\u2019eau chaude (issue du volcan Tungurahua, 5023 m). Laure se trempera les pieds dans la piscine d&rsquo;eau tr\u00e8s chaude&#8230; dit-elle ! <\/p>\n\n\n\n<div class=\"wp-block-button aligncenter\"><a class=\"wp-block-button__link has-background\" href=\"https:\/\/photos.google.com\/share\/AF1QipO9YtpaArGPYu0DjLjEu4x9YdyXRpi7bnR0--MA_Dxzt43Rh3UikOmiBKq1CnAeXQ\/photo\/AF1QipNxIqN7cMIj8IHKvDEtmIodD84PhyQsxKNBL26_?key=X24ycUphLXRCdk4tS3FpckFwVG9kTWhrRFZ4cXhR\" style=\"background-color:#0674a4\">Quelques photos (cliquez)<\/a><\/div>\n\n\n\n<p class=\"has-accent-background-color has-background has-regular-font-size\"><strong>Nous sommes maintenant \u00e0 une altitude de 1800 m, il fait bien plus chaud et nous allons descendre encore !!!<\/strong><\/p>\n","protected":false},"excerpt":{"rendered":"<p>Du 3 au 11 juillet Apr\u00e8s Quito, direction le Cotopaxi. A partir de Machichi, nous rejoignons l&rsquo;entr\u00e9e nord du parc. Apr\u00e8s une courte descente sur bitume, c&rsquo;est la piste et quelle piste. Des pav\u00e9s disjoints sur lesquels il est bien difficile de p\u00e9daler, on rebondit, le v\u00e9lo fait un peu ce qu&rsquo;il veut et d\u00e8s [&hellip;]<\/p>\n","protected":false},"author":1,"featured_media":0,"parent":124,"menu_order":3,"comment_status":"open","ping_status":"closed","template":"","meta":{"jetpack_post_was_ever_published":false,"footnotes":""},"class_list":["post-813","page","type-page","status-publish","hentry"],"jetpack_likes_enabled":true,"jetpack_sharing_enabled":true,"_links":{"self":[{"href":"https:\/\/2l-a-velo.com\/index.php?rest_route=\/wp\/v2\/pages\/813","targetHints":{"allow":["GET"]}}],"collection":[{"href":"https:\/\/2l-a-velo.com\/index.php?rest_route=\/wp\/v2\/pages"}],"about":[{"href":"https:\/\/2l-a-velo.com\/index.php?rest_route=\/wp\/v2\/types\/page"}],"author":[{"embeddable":true,"href":"https:\/\/2l-a-velo.com\/index.php?rest_route=\/wp\/v2\/users\/1"}],"replies":[{"embeddable":true,"href":"https:\/\/2l-a-velo.com\/index.php?rest_route=%2Fwp%2Fv2%2Fcomments&post=813"}],"version-history":[{"count":41,"href":"https:\/\/2l-a-velo.com\/index.php?rest_route=\/wp\/v2\/pages\/813\/revisions"}],"predecessor-version":[{"id":4765,"href":"https:\/\/2l-a-velo.com\/index.php?rest_route=\/wp\/v2\/pages\/813\/revisions\/4765"}],"up":[{"embeddable":true,"href":"https:\/\/2l-a-velo.com\/index.php?rest_route=\/wp\/v2\/pages\/124"}],"wp:attachment":[{"href":"https:\/\/2l-a-velo.com\/index.php?rest_route=%2Fwp%2Fv2%2Fmedia&parent=813"}],"curies":[{"name":"wp","href":"https:\/\/api.w.org\/{rel}","templated":true}]}}

De Quito à Banos

<div class="wp-block-media-text alignwide is-stacked-on-mobile"><figure class="wp-block-media-text__media"><img loading="lazy" decoding="async" width="1024" height="682" src="https://2l-a-velo.com/wp-content/uploads/2019/07/372A3140-1024x682.jpg" alt="" class="wp-image-814 size-full" srcset="https://2l-a-velo.com/wp-content/uploads/2019/07/372A3140-1024x682.jpg 1024w, https://2l-a-velo.com/wp-content/uploads/2019/07/372A3140-300x200.jpg 300w, https://2l-a-velo.com/wp-content/uploads/2019/07/372A3140-768x512.jpg 768w, https://2l-a-velo.com/wp-content/uploads/2019/07/372A3140-900x600.jpg 900w, https://2l-a-velo.com/wp-content/uploads/2019/07/372A3140-1280x853.jpg 1280w, https://2l-a-velo.com/wp-content/uploads/2019/07/372A3140.jpg 2024w" sizes="auto, (max-width: 1024px) 100vw, 1024px" /></figure><div class="wp-block-media-text__content">
<p class="has-text-align-center has-larger-font-size"><strong>Du 3 au 11 juillet</strong></p>
</div></div>



<p></p>



<p class="has-small-font-size">Après Quito, direction le Cotopaxi. A partir de Machichi, nous rejoignons l&rsquo;entrée nord du parc. Après une courte descente sur bitume, c&rsquo;est la piste et quelle piste. Des pavés disjoints sur lesquels il est bien difficile de pédaler, on rebondit, le vélo fait un peu ce qu&rsquo;il veut et dès que la pente se redresse, il faut pousser. Et cela dure pendant 20 km.  S&rsquo;en suit une piste de sable et cailloux pas bien roulante non plus !  </p>



<p class="has-small-font-size">Et puis, le Cotopaxi apparaît, superbe. C&rsquo;est le volcan actif le plus haut du monde. Sa dernière éruption date de 2015. C&rsquo;est tellement beau que nous plantons notre tente face au géant à 3800 m. Le ciel est tout étoilé pendant la nuit mais notre volcan se couvre de nuages au lever du jour, alors tant pis pour les belles lumières du matin. Puis, il se découvre pour nous accompagner sur notre deuxième jour.</p>



<p class="has-small-font-size">C&rsquo;était un emplacement de bivouac fabuleux mais notre filtre à eau a donné des signes de faiblesse et le briquet pour allumer le réchaud ne fonctionne plus, ça gâche un peu. Manger froid à 3800 m, c&rsquo;est un peu juste.</p>



<figure><iframe loading="lazy" width="560" height="315" src="https://www.youtube.com/embed/2gwS17Bc65E" allowfullscreen=""></iframe></figure>



<p class="has-small-font-size">Nous rejoignons une large piste gravillonnée qui se transforme en bitume superbe puis ce sera la Panam que nous suivrons jusqu&rsquo;à Latacunga où nous resterons le lendemain, Lionel ne se sentant pas trop bien !</p>



<div class="wp-block-media-text alignwide is-stacked-on-mobile"><figure class="wp-block-media-text__media"><img loading="lazy" decoding="async" width="1024" height="682" src="https://2l-a-velo.com/wp-content/uploads/2019/07/P1025989-1024x682.jpg" alt="" class="wp-image-845 size-full" srcset="https://2l-a-velo.com/wp-content/uploads/2019/07/P1025989-1024x682.jpg 1024w, https://2l-a-velo.com/wp-content/uploads/2019/07/P1025989-300x200.jpg 300w, https://2l-a-velo.com/wp-content/uploads/2019/07/P1025989-768x512.jpg 768w, https://2l-a-velo.com/wp-content/uploads/2019/07/P1025989-900x600.jpg 900w, https://2l-a-velo.com/wp-content/uploads/2019/07/P1025989-1280x853.jpg 1280w, https://2l-a-velo.com/wp-content/uploads/2019/07/P1025989.jpg 2024w" sizes="auto, (max-width: 1024px) 100vw, 1024px" /></figure><div class="wp-block-media-text__content">
<p class="has-small-font-size">Après cette pause forcée, direction Zumbahua. La route, très belle et très bien tracée, nous fait passer un col à 4008 m (le premier pour nous au-dessus des 4000 m). Il n&rsquo;y fait pas bien chaud et il y souffle un vent fort bien froid ! Zumbahua est encore loin et nous, éternels optimistes, comptions sur un belle descente. Mais nous sommes en Equateur et il y aura plusieurs remontées. Finalement nous arriverons bien tard aux alentours de 17 h 30 (rappelez-vous, la nuit tombe vers 18 h 15). </p>
</div></div>



<p class="has-small-font-size">Zumbahua n&rsquo;est qu&rsquo;à 13 km de la lagune du Quilitoa. En chemin, nous rencontrons deux cyclocampeurs roumains ( Mikaëla et Radu) qui se rendent au Pérou dans les Cordillères. Les paysages sont superbes et les gens s&rsquo;activent dans les champs. Malgré quelques tracteurs récents, la plupart du travail se fait à la main sur des pentes impressionnantes. De plus, il souffle un vent très, très fort et il fait bien froid. Le contraste est saisissant en arrivant à la lagune. Des touristes avec sacs à dos et perches à selfies, des hôtels et restaurants dont certains de bon standing, des boutiques de ventes de bonnets, ponchos, bracelets&#8230; bref un lieu touristique à souhait. Il est vrai que la lagune qui occupe le fond d&rsquo;un cratère est magnifique avec ses eaux bleues ou vertes selon l&rsquo;éclairage. Par contre, le vent souffle ici très violemment et nous sortirons gros gants et doudounes pour la descente !</p>



<p class="has-small-font-size">Le retour sur Pujili se fera sous un vent très violent, surtout après le col de 4000 m, et nous aurons quelquefois bien du mal à maintenir nos vélos. Dans certaines descentes, avec le vent de face, nous sommes obligés de pédaler pour avancer, si, si !!! </p>



<div class="wp-block-media-text alignwide has-media-on-the-right is-stacked-on-mobile"><figure class="wp-block-media-text__media"><img loading="lazy" decoding="async" width="1024" height="682" src="https://2l-a-velo.com/wp-content/uploads/2019/07/P1026114-1024x682.jpg" alt="" class="wp-image-847 size-full" srcset="https://2l-a-velo.com/wp-content/uploads/2019/07/P1026114-1024x682.jpg 1024w, https://2l-a-velo.com/wp-content/uploads/2019/07/P1026114-300x200.jpg 300w, https://2l-a-velo.com/wp-content/uploads/2019/07/P1026114-768x512.jpg 768w, https://2l-a-velo.com/wp-content/uploads/2019/07/P1026114-900x600.jpg 900w, https://2l-a-velo.com/wp-content/uploads/2019/07/P1026114-1280x853.jpg 1280w, https://2l-a-velo.com/wp-content/uploads/2019/07/P1026114.jpg 2024w" sizes="auto, (max-width: 1024px) 100vw, 1024px" /></figure><div class="wp-block-media-text__content">
<p class="has-text-align-left has-small-font-size"> L&rsquo;arrivée à Pujili sera bien agréable, le vent est bien moins fort et la température plaisante. Pujili est un gros village, propre et très animé, notamment la place du marché où l&rsquo;on mange à toute heure ! </p>
</div></div>



<p class="has-small-font-size"> De Pujili à Ambato, nous décidons, pour éviter un peu la Panam, de passer par le village de Casambaya. Le début est enchanteur ! La route est bordée d&rsquo;aloés dominées par des eucalyptus, de chaque côté s&rsquo;étendent des cultures maraîchères et le ciel est bleu. Et puis, la route plonge dans un canyon et ça descend, ça descend&#8230; oui mais en Equateur, question relief, tout se paie et ça remonte, ça remonte&#8230; dur, jusqu&rsquo;au village de Casambaya ! Ouf ! Maintenant, cela doit redescendre tranquillement jusqu&rsquo;à la Panam ! Erreur, la route est en travaux et ce sera montées et descentes sur pistes avec poussière, boue, camions, bus et 4X4, que du bonheur ! Finalement, nous serons contents (enfin presque) de rejoindre la Panam que nous suivrons jusqu&rsquo;à Ambato, grande ville très pentue, nous sommes en Equateur, non ?</p>



<p class="has-small-font-size">A partir d&rsquo;Ambato, plusieurs possibilités d&rsquo;itinéraires s&rsquo;offraient à nous. Nous avons choisi, après plusieurs jours dans la sierra (partie andine du pays) de descendre en Oriente (partie amazonienne). Donc, nous descendons vers Banos et ses thermes d’eau chaude (issue du volcan Tungurahua, 5023 m). Laure se trempera les pieds dans la piscine d&rsquo;eau très chaude&#8230; dit-elle ! </p>



<div class="wp-block-button aligncenter"><a class="wp-block-button__link has-background" href="https://photos.google.com/share/AF1QipO9YtpaArGPYu0DjLjEu4x9YdyXRpi7bnR0--MA_Dxzt43Rh3UikOmiBKq1CnAeXQ/photo/AF1QipNxIqN7cMIj8IHKvDEtmIodD84PhyQsxKNBL26_?key=X24ycUphLXRCdk4tS3FpckFwVG9kTWhrRFZ4cXhR" style="background-color:#0674a4">Quelques photos (cliquez)</a></div>



<p class="has-accent-background-color has-background has-regular-font-size"><strong>Nous sommes maintenant à une altitude de 1800 m, il fait bien plus chaud et nous allons descendre encore !!!</strong></p>

<p>Du 3 au 11 juillet Après Quito, direction le Cotopaxi. A partir de Machichi, nous rejoignons l&rsquo;entrée nord du parc. Après une courte descente sur bitume, c&rsquo;est la piste et quelle piste. Des pavés disjoints sur lesquels il est bien difficile de pédaler, on rebondit, le vélo fait un peu ce qu&rsquo;il veut et dès [&hellip;]</p>
