{"id":8267,"date":"2023-05-10T08:00:00","date_gmt":"2023-05-10T06:00:00","guid":{"rendered":"https:\/\/2l-a-velo.com\/?page_id=8267"},"modified":"2023-05-13T20:57:17","modified_gmt":"2023-05-13T18:57:17","slug":"de-tres-cruces-a-la-quiaca","status":"publish","type":"page","link":"https:\/\/2l-a-velo.com\/?page_id=8267","title":{"rendered":"De Tres Cruces \u00e0 La Quiaca"},"content":{"rendered":"\n<p class=\"has-text-align-center has-large-font-size\"><strong>Derniers coups de p\u00e9dales en Argentine <\/strong><\/p>\n\n\n\n<div class=\"wp-block-media-text alignwide is-stacked-on-mobile\"><figure class=\"wp-block-media-text__media\"><img loading=\"lazy\" decoding=\"async\" width=\"1024\" height=\"575\" src=\"https:\/\/2l-a-velo.com\/wp-content\/uploads\/2023\/05\/PANA7201-1-1024x575.jpg\" alt=\"\" class=\"wp-image-8321 size-full\" srcset=\"https:\/\/2l-a-velo.com\/wp-content\/uploads\/2023\/05\/PANA7201-1-1024x575.jpg 1024w, https:\/\/2l-a-velo.com\/wp-content\/uploads\/2023\/05\/PANA7201-1-300x168.jpg 300w, https:\/\/2l-a-velo.com\/wp-content\/uploads\/2023\/05\/PANA7201-1-768x431.jpg 768w, https:\/\/2l-a-velo.com\/wp-content\/uploads\/2023\/05\/PANA7201-1-1536x862.jpg 1536w, https:\/\/2l-a-velo.com\/wp-content\/uploads\/2023\/05\/PANA7201-1-2048x1149.jpg 2048w, https:\/\/2l-a-velo.com\/wp-content\/uploads\/2023\/05\/PANA7201-1-900x505.jpg 900w, https:\/\/2l-a-velo.com\/wp-content\/uploads\/2023\/05\/PANA7201-1-1280x718.jpg 1280w\" sizes=\"auto, (max-width: 1024px) 100vw, 1024px\" \/><\/figure><div class=\"wp-block-media-text__content\">\n<p class=\"has-text-align-center has-large-font-size\"><strong>Du 2  au 5 mai<\/strong><\/p>\n<\/div><\/div>\n\n\n\n<p class=\"has-text-align-center has-white-color has-text-color has-background has-large-font-size\" style=\"background-color:#06aa20\"><strong>Itin\u00e9raire<\/strong><\/p>\n\n\n\n<iframe loading=\"lazy\" src=\"https:\/\/www.google.com\/maps\/d\/embed?mid=17_Fd8CJp0D4bPoLxtwKlgXawKXh9QuY&#038;ehbc=2E312F\" width=\"640\" height=\"480\"><\/iframe>\n\n\n\n<p class=\"has-text-align-center has-white-color has-text-color has-background has-large-font-size\" style=\"background-color:#08aa20\"><strong>De Tres Cruces \u00e0 Abra Pampa<\/strong><\/p>\n\n\n\n<p>Pas tr\u00e8s chaud au bivouac ce matin ! Mais \u00e0 3700 m, m\u00eame sous les tropiques, c&rsquo;est peut-\u00eatre normal. Nous faisons un peu la causette avec des habitants du village avant de reprendre la route.<\/p>\n\n\n\n<div class=\"wp-block-media-text alignwide has-media-on-the-right is-stacked-on-mobile\" style=\"grid-template-columns:auto 54%\"><div class=\"wp-block-media-text__content\">\n<p>Nous franchissons un col \u00e0 3780 m avant de se laisser glisser vers Abra P Pampa. Le long de la route, quelques fermes isol\u00e9es \u00e9l\u00e8vent des lamas qui n&rsquo;ont pas grand chose \u00e0 manger dans cette pampa aride !<\/p>\n<\/div><figure class=\"wp-block-media-text__media\"><img loading=\"lazy\" decoding=\"async\" width=\"1024\" height=\"683\" src=\"https:\/\/2l-a-velo.com\/wp-content\/uploads\/2023\/05\/372A4134-1024x683.jpg\" alt=\"\" class=\"wp-image-8289 size-full\" srcset=\"https:\/\/2l-a-velo.com\/wp-content\/uploads\/2023\/05\/372A4134-1024x683.jpg 1024w, https:\/\/2l-a-velo.com\/wp-content\/uploads\/2023\/05\/372A4134-300x200.jpg 300w, https:\/\/2l-a-velo.com\/wp-content\/uploads\/2023\/05\/372A4134-768x512.jpg 768w, https:\/\/2l-a-velo.com\/wp-content\/uploads\/2023\/05\/372A4134-1536x1024.jpg 1536w, https:\/\/2l-a-velo.com\/wp-content\/uploads\/2023\/05\/372A4134-2048x1366.jpg 2048w, https:\/\/2l-a-velo.com\/wp-content\/uploads\/2023\/05\/372A4134-900x600.jpg 900w, https:\/\/2l-a-velo.com\/wp-content\/uploads\/2023\/05\/372A4134-1280x854.jpg 1280w\" sizes=\"auto, (max-width: 1024px) 100vw, 1024px\" \/><\/figure><\/div>\n\n\n\n<div class=\"wp-block-media-text alignwide is-stacked-on-mobile\" style=\"grid-template-columns:57% auto\"><figure class=\"wp-block-media-text__media\"><img loading=\"lazy\" decoding=\"async\" width=\"1024\" height=\"683\" src=\"https:\/\/2l-a-velo.com\/wp-content\/uploads\/2023\/05\/372A4143-1024x683.jpg\" alt=\"\" class=\"wp-image-8328 size-full\" srcset=\"https:\/\/2l-a-velo.com\/wp-content\/uploads\/2023\/05\/372A4143-1024x683.jpg 1024w, https:\/\/2l-a-velo.com\/wp-content\/uploads\/2023\/05\/372A4143-300x200.jpg 300w, https:\/\/2l-a-velo.com\/wp-content\/uploads\/2023\/05\/372A4143-768x512.jpg 768w, https:\/\/2l-a-velo.com\/wp-content\/uploads\/2023\/05\/372A4143-1536x1024.jpg 1536w, https:\/\/2l-a-velo.com\/wp-content\/uploads\/2023\/05\/372A4143-2048x1366.jpg 2048w, https:\/\/2l-a-velo.com\/wp-content\/uploads\/2023\/05\/372A4143-900x600.jpg 900w, https:\/\/2l-a-velo.com\/wp-content\/uploads\/2023\/05\/372A4143-1280x854.jpg 1280w\" sizes=\"auto, (max-width: 1024px) 100vw, 1024px\" \/><\/figure><div class=\"wp-block-media-text__content\">\n<p>Juste avant d&rsquo;arriver \u00e0 Abra Pampa, nous remarquons des formations sableuses d&rsquo;une belle couleur ocre clair.<\/p>\n<\/div><\/div>\n\n\n\n<div class=\"wp-block-media-text alignwide has-media-on-the-right is-stacked-on-mobile\" style=\"grid-template-columns:auto 53%\"><div class=\"wp-block-media-text__content\">\n<p>Abra Pampa est une grosse bourgade au milieu de la pampa. C&rsquo;est tr\u00e8s anim\u00e9 le matin et le soir bien tard (les magasins ferment \u00e0 22 h). C&rsquo;est la premi\u00e8re fois que nous voyons autant de gens se d\u00e9placer \u00e0 v\u00e9lo !<\/p>\n<\/div><figure class=\"wp-block-media-text__media\"><img loading=\"lazy\" decoding=\"async\" width=\"1024\" height=\"683\" src=\"https:\/\/2l-a-velo.com\/wp-content\/uploads\/2023\/05\/372A4194-1024x683.jpg\" alt=\"\" class=\"wp-image-8291 size-full\" srcset=\"https:\/\/2l-a-velo.com\/wp-content\/uploads\/2023\/05\/372A4194-1024x683.jpg 1024w, https:\/\/2l-a-velo.com\/wp-content\/uploads\/2023\/05\/372A4194-300x200.jpg 300w, https:\/\/2l-a-velo.com\/wp-content\/uploads\/2023\/05\/372A4194-768x512.jpg 768w, https:\/\/2l-a-velo.com\/wp-content\/uploads\/2023\/05\/372A4194-1536x1024.jpg 1536w, https:\/\/2l-a-velo.com\/wp-content\/uploads\/2023\/05\/372A4194-2048x1366.jpg 2048w, https:\/\/2l-a-velo.com\/wp-content\/uploads\/2023\/05\/372A4194-900x600.jpg 900w, https:\/\/2l-a-velo.com\/wp-content\/uploads\/2023\/05\/372A4194-1280x854.jpg 1280w\" sizes=\"auto, (max-width: 1024px) 100vw, 1024px\" \/><\/figure><\/div>\n\n\n\n<p>D&rsquo;autant plus en cette p\u00e9riode d&rsquo;\u00e9lections o\u00f9 discours, musique diffus\u00e9e par des sonos puissantes, spectacles divers se succ\u00e8dent toute la journ\u00e9e ! Il faut le vivre pour le croire !<\/p>\n\n\n\n<p>Mais dans ces villages, on trouve toujours ce dont on a besoin ! Pour preuve : Laure a trouv\u00e9 un forgeron qui a remis en \u00e9tat la b\u00e9quille arri\u00e8re du v\u00e9lo de Lionel !<\/p>\n\n\n\n<p><\/p>\n\n\n\n<div class=\"wp-block-media-text alignwide is-stacked-on-mobile\" style=\"grid-template-columns:54% auto\"><figure class=\"wp-block-media-text__media\"><img loading=\"lazy\" decoding=\"async\" width=\"1024\" height=\"683\" src=\"https:\/\/2l-a-velo.com\/wp-content\/uploads\/2023\/05\/372A4199-1024x683.jpg\" alt=\"\" class=\"wp-image-8293 size-full\" srcset=\"https:\/\/2l-a-velo.com\/wp-content\/uploads\/2023\/05\/372A4199-1024x683.jpg 1024w, https:\/\/2l-a-velo.com\/wp-content\/uploads\/2023\/05\/372A4199-300x200.jpg 300w, https:\/\/2l-a-velo.com\/wp-content\/uploads\/2023\/05\/372A4199-768x512.jpg 768w, https:\/\/2l-a-velo.com\/wp-content\/uploads\/2023\/05\/372A4199-1536x1024.jpg 1536w, https:\/\/2l-a-velo.com\/wp-content\/uploads\/2023\/05\/372A4199-2048x1366.jpg 2048w, https:\/\/2l-a-velo.com\/wp-content\/uploads\/2023\/05\/372A4199-900x600.jpg 900w, https:\/\/2l-a-velo.com\/wp-content\/uploads\/2023\/05\/372A4199-1280x854.jpg 1280w\" sizes=\"auto, (max-width: 1024px) 100vw, 1024px\" \/><\/figure><div class=\"wp-block-media-text__content\">\n<p>Nous rencontrons Carola et Christian. Elle est employ\u00e9e du minist\u00e8re du tourisme et lui (Danois) travaille comme formateur pour un \u00ab\u00a0genre\u00a0\u00bb d&rsquo;agence de voyage. En ce moment, ils forment une cinquantaine de personnes qui postulent au m\u00e9tier de guide (les rangers) de parc nationaux. <\/p>\n<\/div><\/div>\n\n\n\n<p>Une bien agr\u00e9able rencontre qui nous a permis d&rsquo;apprendre que l&rsquo;on forme des gens d&rsquo;ici aux probl\u00e8mes d&rsquo;\u00e9cologie, de s\u00e9curit\u00e9&#8230; <\/p>\n\n\n\n<div class=\"wp-block-buttons is-layout-flex wp-block-buttons-is-layout-flex\">\n<div class=\"wp-block-button has-custom-width wp-block-button__width-100\"><a class=\"wp-block-button__link has-background has-text-align-center wp-element-button\" href=\"https:\/\/photos.google.com\/share\/AF1QipMeI1pjrcS_vZVdO7OqfZDHyaJ00cyWaYs2j32Dib2TRcexfX96hK_CDgnJZHttqw\/photo\/AF1QipNdeREMqw_1bNcaF9qAoNd3348laTpLHL3UirS3?key=and2d2lacGFES1B2ekx2SUZ6cE9ZRkt5T1o3d01R\" style=\"border-radius:10px;background-color:#0173a3\">album photos tres cruces \u00e0 abra pampa<\/a><\/div>\n<\/div>\n\n\n\n<p class=\"has-text-align-center has-white-color has-text-color has-background has-large-font-size\" style=\"background-color:#08aa20\"><strong>De Abra Pampa \u00e0 La Quiaca<\/strong><\/p>\n\n\n\n<div class=\"wp-block-media-text alignwide has-media-on-the-right is-stacked-on-mobile\" style=\"grid-template-columns:auto 56%\"><div class=\"wp-block-media-text__content\">\n<p>Sur cet altiplano, de nombreuses ferment \u00e9l\u00e8vent principalement des lamas mais aussi des bovins et des moutons. <\/p>\n<\/div><figure class=\"wp-block-media-text__media\"><img loading=\"lazy\" decoding=\"async\" width=\"1024\" height=\"575\" src=\"https:\/\/2l-a-velo.com\/wp-content\/uploads\/2023\/05\/PANA7146-1024x575.jpg\" alt=\"\" class=\"wp-image-8297 size-full\" srcset=\"https:\/\/2l-a-velo.com\/wp-content\/uploads\/2023\/05\/PANA7146-1024x575.jpg 1024w, https:\/\/2l-a-velo.com\/wp-content\/uploads\/2023\/05\/PANA7146-300x168.jpg 300w, https:\/\/2l-a-velo.com\/wp-content\/uploads\/2023\/05\/PANA7146-768x431.jpg 768w, https:\/\/2l-a-velo.com\/wp-content\/uploads\/2023\/05\/PANA7146-1536x862.jpg 1536w, https:\/\/2l-a-velo.com\/wp-content\/uploads\/2023\/05\/PANA7146-2048x1149.jpg 2048w, https:\/\/2l-a-velo.com\/wp-content\/uploads\/2023\/05\/PANA7146-900x505.jpg 900w, https:\/\/2l-a-velo.com\/wp-content\/uploads\/2023\/05\/PANA7146-1280x718.jpg 1280w\" sizes=\"auto, (max-width: 1024px) 100vw, 1024px\" \/><\/figure><\/div>\n\n\n\n<div class=\"wp-block-media-text alignwide is-stacked-on-mobile\" style=\"grid-template-columns:52% auto\"><figure class=\"wp-block-media-text__media\"><img loading=\"lazy\" decoding=\"async\" width=\"1024\" height=\"683\" src=\"https:\/\/2l-a-velo.com\/wp-content\/uploads\/2023\/05\/372A4222-1024x683.jpg\" alt=\"\" class=\"wp-image-8298 size-full\" srcset=\"https:\/\/2l-a-velo.com\/wp-content\/uploads\/2023\/05\/372A4222-1024x683.jpg 1024w, https:\/\/2l-a-velo.com\/wp-content\/uploads\/2023\/05\/372A4222-300x200.jpg 300w, https:\/\/2l-a-velo.com\/wp-content\/uploads\/2023\/05\/372A4222-768x512.jpg 768w, https:\/\/2l-a-velo.com\/wp-content\/uploads\/2023\/05\/372A4222-1536x1024.jpg 1536w, https:\/\/2l-a-velo.com\/wp-content\/uploads\/2023\/05\/372A4222-2048x1366.jpg 2048w, https:\/\/2l-a-velo.com\/wp-content\/uploads\/2023\/05\/372A4222-900x600.jpg 900w, https:\/\/2l-a-velo.com\/wp-content\/uploads\/2023\/05\/372A4222-1280x854.jpg 1280w\" sizes=\"auto, (max-width: 1024px) 100vw, 1024px\" \/><\/figure><div class=\"wp-block-media-text__content\">\n<p>La vie ne doit pas \u00eatre bien facile ici. Le four \u00e0 pain fonctionne encore et l&rsquo;on tire encore l&rsquo;eau du puits ! <\/p>\n<\/div><\/div>\n\n\n\n<p>Les terres sont bien s\u00e8ches et la nourriture bien maigre pour les animaux. A tel point que l&rsquo;on fait pa\u00eetre lamas et bovins entre la route et le p\u00e2turage, l\u00e0 o\u00f9 il reste encore de quoi brouter !<\/p>\n\n\n\n<figure class=\"wp-block-image size-large\"><img loading=\"lazy\" decoding=\"async\" width=\"1024\" height=\"575\" src=\"https:\/\/2l-a-velo.com\/wp-content\/uploads\/2023\/05\/PANA7171-1024x575.jpg\" alt=\"\" class=\"wp-image-8300\" srcset=\"https:\/\/2l-a-velo.com\/wp-content\/uploads\/2023\/05\/PANA7171-1024x575.jpg 1024w, https:\/\/2l-a-velo.com\/wp-content\/uploads\/2023\/05\/PANA7171-300x168.jpg 300w, https:\/\/2l-a-velo.com\/wp-content\/uploads\/2023\/05\/PANA7171-768x431.jpg 768w, https:\/\/2l-a-velo.com\/wp-content\/uploads\/2023\/05\/PANA7171-1536x862.jpg 1536w, https:\/\/2l-a-velo.com\/wp-content\/uploads\/2023\/05\/PANA7171-2048x1149.jpg 2048w, https:\/\/2l-a-velo.com\/wp-content\/uploads\/2023\/05\/PANA7171-900x505.jpg 900w, https:\/\/2l-a-velo.com\/wp-content\/uploads\/2023\/05\/PANA7171-1280x718.jpg 1280w\" sizes=\"auto, (max-width: 1024px) 100vw, 1024px\" \/><\/figure>\n\n\n\n<p>La route est relativement plate, nous suivons une ancienne ligne de chemin de fer et nous croisons quelques villages. <\/p>\n\n\n\n<div class=\"wp-block-media-text alignwide has-media-on-the-right is-stacked-on-mobile\" style=\"grid-template-columns:auto 54%\"><div class=\"wp-block-media-text__content\">\n<p>Petite halte \u00e0 La Intermedia pour le pique-nique. Un village bien propre o\u00f9 nous trouvons de quoi ravitailler&#8230; mais il faut chercher la boutique car il n&rsquo;y a aucune indication ! <\/p>\n<\/div><figure class=\"wp-block-media-text__media\"><img loading=\"lazy\" decoding=\"async\" width=\"1024\" height=\"575\" src=\"https:\/\/2l-a-velo.com\/wp-content\/uploads\/2023\/05\/PANA7155-1024x575.jpg\" alt=\"\" class=\"wp-image-8299 size-full\" srcset=\"https:\/\/2l-a-velo.com\/wp-content\/uploads\/2023\/05\/PANA7155-1024x575.jpg 1024w, https:\/\/2l-a-velo.com\/wp-content\/uploads\/2023\/05\/PANA7155-300x168.jpg 300w, https:\/\/2l-a-velo.com\/wp-content\/uploads\/2023\/05\/PANA7155-768x431.jpg 768w, https:\/\/2l-a-velo.com\/wp-content\/uploads\/2023\/05\/PANA7155-1536x862.jpg 1536w, https:\/\/2l-a-velo.com\/wp-content\/uploads\/2023\/05\/PANA7155-2048x1149.jpg 2048w, https:\/\/2l-a-velo.com\/wp-content\/uploads\/2023\/05\/PANA7155-900x505.jpg 900w, https:\/\/2l-a-velo.com\/wp-content\/uploads\/2023\/05\/PANA7155-1280x718.jpg 1280w\" sizes=\"auto, (max-width: 1024px) 100vw, 1024px\" \/><\/figure><\/div>\n\n\n\n<p>Le vent s&rsquo;est lev\u00e9 dans l&rsquo;apr\u00e8s-midi et se renforce petit \u00e0 petit mais ne semble nullement perturber les vigognes que nous voyons sur les bords de la route ! <\/p>\n\n\n\n<figure class=\"wp-block-image size-large\"><img loading=\"lazy\" decoding=\"async\" width=\"1024\" height=\"575\" src=\"https:\/\/2l-a-velo.com\/wp-content\/uploads\/2023\/05\/PANA7201-1024x575.jpg\" alt=\"\" class=\"wp-image-8301\" srcset=\"https:\/\/2l-a-velo.com\/wp-content\/uploads\/2023\/05\/PANA7201-1024x575.jpg 1024w, https:\/\/2l-a-velo.com\/wp-content\/uploads\/2023\/05\/PANA7201-300x168.jpg 300w, https:\/\/2l-a-velo.com\/wp-content\/uploads\/2023\/05\/PANA7201-768x431.jpg 768w, https:\/\/2l-a-velo.com\/wp-content\/uploads\/2023\/05\/PANA7201-1536x862.jpg 1536w, https:\/\/2l-a-velo.com\/wp-content\/uploads\/2023\/05\/PANA7201-2048x1149.jpg 2048w, https:\/\/2l-a-velo.com\/wp-content\/uploads\/2023\/05\/PANA7201-900x505.jpg 900w, https:\/\/2l-a-velo.com\/wp-content\/uploads\/2023\/05\/PANA7201-1280x718.jpg 1280w\" sizes=\"auto, (max-width: 1024px) 100vw, 1024px\" \/><\/figure>\n\n\n\n<div class=\"wp-block-media-text alignwide is-stacked-on-mobile\" style=\"grid-template-columns:53% auto\"><figure class=\"wp-block-media-text__media\"><img loading=\"lazy\" decoding=\"async\" width=\"1024\" height=\"683\" src=\"https:\/\/2l-a-velo.com\/wp-content\/uploads\/2023\/05\/372A4255-1024x683.jpg\" alt=\"\" class=\"wp-image-8303 size-full\" srcset=\"https:\/\/2l-a-velo.com\/wp-content\/uploads\/2023\/05\/372A4255-1024x683.jpg 1024w, https:\/\/2l-a-velo.com\/wp-content\/uploads\/2023\/05\/372A4255-300x200.jpg 300w, https:\/\/2l-a-velo.com\/wp-content\/uploads\/2023\/05\/372A4255-768x512.jpg 768w, https:\/\/2l-a-velo.com\/wp-content\/uploads\/2023\/05\/372A4255-1536x1024.jpg 1536w, https:\/\/2l-a-velo.com\/wp-content\/uploads\/2023\/05\/372A4255-2048x1366.jpg 2048w, https:\/\/2l-a-velo.com\/wp-content\/uploads\/2023\/05\/372A4255-900x600.jpg 900w, https:\/\/2l-a-velo.com\/wp-content\/uploads\/2023\/05\/372A4255-1280x854.jpg 1280w\" sizes=\"auto, (max-width: 1024px) 100vw, 1024px\" \/><\/figure><div class=\"wp-block-media-text__content\">\n<p>La Quiaca, ville fronti\u00e8re avec la Bolivie, nous accueille avec la poussi\u00e8re soulev\u00e9e par le vent mais aussi avec des concerts de musique, de fanfares, de d\u00e9fil\u00e9s de voitures ! C&rsquo;est toujours, ici comme ailleurs, la campagne \u00e9lectorale !<\/p>\n<\/div><\/div>\n\n\n\n<div class=\"wp-block-buttons is-layout-flex wp-block-buttons-is-layout-flex\">\n<div class=\"wp-block-button has-custom-width wp-block-button__width-100\"><a class=\"wp-block-button__link has-background has-text-align-center wp-element-button\" href=\"https:\/\/photos.google.com\/share\/AF1QipO58a1uHbOsxWSwJlmZNSzQMu1co0v2sT7zCnfnERnb6e0Js2ycnSx2oR5EKKVK-A\/photo\/AF1QipMwUdQQhW6pvEno5lreXYXGt6DYh_eHdUZF3Zdb?key=QnFmbzdvazNlOG9Fc295V2I4eXVoYU1QVENyT25R\" style=\"border-radius:10px;background-color:#0173a3\">album photos abra pamapa \u00e0 la quiaca<\/a><\/div>\n<\/div>\n\n\n\n<p class=\"has-text-align-center has-white-color has-text-color has-background has-large-font-size\" style=\"background-color:#08aa20\"><strong>Yavi<\/strong><\/p>\n\n\n\n<p>Aujourd&rsquo;hui, nous faisons un aller retour au village de Yavi \u00e0 16 km de La Quiaca. Yavi poss\u00e8de une tr\u00e8s belle \u00e9glise qui vaut le d\u00e9placement.<\/p>\n\n\n\n<figure class=\"wp-block-image size-large\"><img loading=\"lazy\" decoding=\"async\" width=\"1024\" height=\"273\" src=\"https:\/\/2l-a-velo.com\/wp-content\/uploads\/2023\/05\/PANA7217-Panorama-1024x273.jpg\" alt=\"\" class=\"wp-image-8304\" srcset=\"https:\/\/2l-a-velo.com\/wp-content\/uploads\/2023\/05\/PANA7217-Panorama-1024x273.jpg 1024w, https:\/\/2l-a-velo.com\/wp-content\/uploads\/2023\/05\/PANA7217-Panorama-300x80.jpg 300w, https:\/\/2l-a-velo.com\/wp-content\/uploads\/2023\/05\/PANA7217-Panorama-768x205.jpg 768w, https:\/\/2l-a-velo.com\/wp-content\/uploads\/2023\/05\/PANA7217-Panorama-1536x410.jpg 1536w, https:\/\/2l-a-velo.com\/wp-content\/uploads\/2023\/05\/PANA7217-Panorama-2048x546.jpg 2048w, https:\/\/2l-a-velo.com\/wp-content\/uploads\/2023\/05\/PANA7217-Panorama-900x240.jpg 900w, https:\/\/2l-a-velo.com\/wp-content\/uploads\/2023\/05\/PANA7217-Panorama-1280x342.jpg 1280w\" sizes=\"auto, (max-width: 1024px) 100vw, 1024px\" \/><\/figure>\n\n\n\n<p>La route pour y parvenir nous change un peu de la pampa, \u00e7a monte et descend ! On peut voir des formations g\u00e9ologiques \u00ab\u00a0pliss\u00e9es\u00a0\u00bb au nombre de huit (les huit fr\u00e8res).<\/p>\n\n\n\n<p>Yavi est situ\u00e9 \u00e0 3516 m d&rsquo;altitude et d\u00e9clar\u00e9 \u00ab\u00a0Site historique\u00a0\u00bb depuis 1975.<\/p>\n\n\n\n<div class=\"wp-block-media-text alignwide has-media-on-the-right is-stacked-on-mobile\" style=\"grid-template-columns:auto 53%\"><div class=\"wp-block-media-text__content\">\n<p>Consacr\u00e9e en 1680, l&rsquo;\u00e9glise a \u00e9t\u00e9  dot\u00e9 par Juan Jos\u00e9 Fern\u00e1ndez Campero de Herrera&nbsp;, le premier marquis de Valle del Tojo, des retables et des peintures que l&rsquo;on peut actuellement voir, et qui ont \u00e9t\u00e9 sp\u00e9cialement amen\u00e9s du Haut-P\u00e9rou pour la splendeur du culte et la conversion des habitants.<\/p>\n<\/div><figure class=\"wp-block-media-text__media\"><img loading=\"lazy\" decoding=\"async\" width=\"1024\" height=\"575\" src=\"https:\/\/2l-a-velo.com\/wp-content\/uploads\/2023\/05\/PANA7231-1024x575.jpg\" alt=\"\" class=\"wp-image-8305 size-full\" srcset=\"https:\/\/2l-a-velo.com\/wp-content\/uploads\/2023\/05\/PANA7231-1024x575.jpg 1024w, https:\/\/2l-a-velo.com\/wp-content\/uploads\/2023\/05\/PANA7231-300x168.jpg 300w, https:\/\/2l-a-velo.com\/wp-content\/uploads\/2023\/05\/PANA7231-768x431.jpg 768w, https:\/\/2l-a-velo.com\/wp-content\/uploads\/2023\/05\/PANA7231-1536x862.jpg 1536w, https:\/\/2l-a-velo.com\/wp-content\/uploads\/2023\/05\/PANA7231-2048x1149.jpg 2048w, https:\/\/2l-a-velo.com\/wp-content\/uploads\/2023\/05\/PANA7231-900x505.jpg 900w, https:\/\/2l-a-velo.com\/wp-content\/uploads\/2023\/05\/PANA7231-1280x718.jpg 1280w\" sizes=\"auto, (max-width: 1024px) 100vw, 1024px\" \/><\/figure><\/div>\n\n\n\n<p class=\"has-accent-background-color has-background\">Pendant les Guerres d&rsquo;Ind\u00e9pendance, Yavi fut le th\u00e9\u00e2tre de nombreux combats et sa population a \u00e9t\u00e9 faite prisonni\u00e8re et transf\u00e9r\u00e9e \u00e0 Potos\u00ed (femmes et des enfants compris), o\u00f9 ils ont tous \u00e9t\u00e9 ex\u00e9cut\u00e9s pour se venger d&rsquo;avoir suivi le colonel Juan Jos\u00e9 Feliciano Fern\u00e1ndez Campero dans sa lutte contre les royalistes.<\/p>\n\n\n\n<div class=\"wp-block-media-text alignwide is-stacked-on-mobile\" style=\"grid-template-columns:54% auto\"><figure class=\"wp-block-media-text__media\"><img loading=\"lazy\" decoding=\"async\" width=\"1024\" height=\"683\" src=\"https:\/\/2l-a-velo.com\/wp-content\/uploads\/2023\/05\/372A4292-1024x683.jpg\" alt=\"\" class=\"wp-image-8306 size-full\" srcset=\"https:\/\/2l-a-velo.com\/wp-content\/uploads\/2023\/05\/372A4292-1024x683.jpg 1024w, https:\/\/2l-a-velo.com\/wp-content\/uploads\/2023\/05\/372A4292-300x200.jpg 300w, https:\/\/2l-a-velo.com\/wp-content\/uploads\/2023\/05\/372A4292-768x512.jpg 768w, https:\/\/2l-a-velo.com\/wp-content\/uploads\/2023\/05\/372A4292-1536x1024.jpg 1536w, https:\/\/2l-a-velo.com\/wp-content\/uploads\/2023\/05\/372A4292-2048x1366.jpg 2048w, https:\/\/2l-a-velo.com\/wp-content\/uploads\/2023\/05\/372A4292-900x600.jpg 900w, https:\/\/2l-a-velo.com\/wp-content\/uploads\/2023\/05\/372A4292-1280x854.jpg 1280w\" sizes=\"auto, (max-width: 1024px) 100vw, 1024px\" \/><\/figure><div class=\"wp-block-media-text__content\">\n<p>L&rsquo;int\u00e9rieur de l&rsquo;\u00e9glise est tr\u00e8s belle et il faut aussi jeter un coup d&rsquo;\u0153il au mus\u00e9e install\u00e9e dans l&rsquo;ancienne Casa de Los Marqueses (maison du marquis).<\/p>\n<\/div><\/div>\n\n\n\n<div class=\"wp-block-media-text alignwide has-media-on-the-right is-stacked-on-mobile\" style=\"grid-template-columns:auto 54%\"><div class=\"wp-block-media-text__content\">\n<p>Yavi est actuellement un joli village avec de nombreuses maisons en \u00ab\u00a0pis\u00e9\u00a0\u00bb m\u00eame si celui-ci est de plus en plus remplac\u00e9 par des moellons et du ciment !<\/p>\n<\/div><figure class=\"wp-block-media-text__media\"><img loading=\"lazy\" decoding=\"async\" width=\"1024\" height=\"575\" src=\"https:\/\/2l-a-velo.com\/wp-content\/uploads\/2023\/05\/PANA7229-1024x575.jpg\" alt=\"\" class=\"wp-image-8308 size-full\" srcset=\"https:\/\/2l-a-velo.com\/wp-content\/uploads\/2023\/05\/PANA7229-1024x575.jpg 1024w, https:\/\/2l-a-velo.com\/wp-content\/uploads\/2023\/05\/PANA7229-300x168.jpg 300w, https:\/\/2l-a-velo.com\/wp-content\/uploads\/2023\/05\/PANA7229-768x431.jpg 768w, https:\/\/2l-a-velo.com\/wp-content\/uploads\/2023\/05\/PANA7229-1536x862.jpg 1536w, https:\/\/2l-a-velo.com\/wp-content\/uploads\/2023\/05\/PANA7229-2048x1149.jpg 2048w, https:\/\/2l-a-velo.com\/wp-content\/uploads\/2023\/05\/PANA7229-900x505.jpg 900w, https:\/\/2l-a-velo.com\/wp-content\/uploads\/2023\/05\/PANA7229-1280x718.jpg 1280w\" sizes=\"auto, (max-width: 1024px) 100vw, 1024px\" \/><\/figure><\/div>\n\n\n\n<div class=\"wp-block-buttons is-layout-flex wp-block-buttons-is-layout-flex\">\n<div class=\"wp-block-button has-custom-width wp-block-button__width-100\"><a class=\"wp-block-button__link has-background has-text-align-center wp-element-button\" href=\"https:\/\/photos.google.com\/share\/AF1QipOf4nvHw6qbjIfaeg2ljDe_pRHti5w1NnWO86siziwXg-WDjxOxHWyGsZtlVmqEvw\/photo\/AF1QipPFjpnRg99ZGVQiswXPXZIx9kPkpzKaCAJuoi1T?key=YjdkMWZSdHgyOG9Zb0VfRVljV3daVWoxTEdxZTBn\" style=\"border-radius:10px;background-color:#0173a3\">album photos yavi<\/a><\/div>\n<\/div>\n\n\n\n<p class=\"has-text-align-center has-white-color has-text-color has-background has-large-font-size\" style=\"background-color:#c52003\"><strong>Vid\u00e9o : Entre Tres Cruces et La Quiaca<\/strong><\/p>\n\n\n\n<iframe loading=\"lazy\" width=\"560\" height=\"315\" src=\"https:\/\/www.youtube.com\/embed\/Ax9Xbzj9fBw\" title=\"YouTube video player\" frameborder=\"0\" allow=\"accelerometer; autoplay; clipboard-write; encrypted-media; gyroscope; picture-in-picture; web-share\" allowfullscreen><\/iframe>\n\n\n\n<p class=\"has-text-align-center\"><strong><em>Petites remarques<\/em><\/strong><\/p>\n\n\n\n<div class=\"wp-block-group has-electric-grass-gradient-background has-background\"><div class=\"wp-block-group__inner-container is-layout-constrained wp-block-group-is-layout-constrained\">\n<p><em>Apr\u00e8s 3065 km parcourus depuis le d\u00e9but de notre voyage dont 1350 km au Chili et 1715 km en Argentine, nous allons passer en Bolivie.<\/em><\/p>\n\n\n\n<p><em> Immense pays que l&rsquo;Argentine aux paysages tellement divers ! Des quebradas du nord \u00e0 la Patagonie au sud, on traverse des r\u00e9gions sublimes surtout \u00e0 v\u00e9lo o\u00f9 nous avons le temps de voir, de sentir et d&rsquo;entendre !<\/em><\/p>\n\n\n\n<p><em>Et que dire de notre parcours au Chili et de cette mythique Carretera Australe bien difficile mais aux merveilleux paysages.<\/em><\/p>\n\n\n\n<p><em>Le probl\u00e8me pour les cyclistes, ce sont les conducteurs bien souvent compl\u00e8tement inconscients qui roulent \u00e0 des vitesses d\u00e9mentielles et pour qui les v\u00e9los n&rsquo;existent pas ou si peu ! <\/em><\/p>\n\n\n\n<p><em>On peut aussi regretter que les probl\u00e8mes \u00e9conomiques plongent l&rsquo;Argentine dans une instabilit\u00e9 permanente ! La monnaie se d\u00e9value de jour en jour et la vie n&rsquo;est pas facile pour une grande partie de la population<\/em>. <\/p>\n<\/div><\/div>\n","protected":false},"excerpt":{"rendered":"<p>Derniers coups de p\u00e9dales en Argentine Du 2 au 5 mai Itin\u00e9raire De Tres Cruces \u00e0 Abra Pampa Pas tr\u00e8s chaud au bivouac ce matin ! Mais \u00e0 3700 m, m\u00eame sous les tropiques, c&rsquo;est peut-\u00eatre normal. Nous faisons un peu la causette avec des habitants du village avant de reprendre la route. Nous franchissons [&hellip;]<\/p>\n","protected":false},"author":1,"featured_media":0,"parent":8034,"menu_order":4,"comment_status":"open","ping_status":"closed","template":"","meta":{"jetpack_post_was_ever_published":false,"footnotes":""},"class_list":["post-8267","page","type-page","status-publish","hentry"],"jetpack_likes_enabled":true,"jetpack_sharing_enabled":true,"_links":{"self":[{"href":"https:\/\/2l-a-velo.com\/index.php?rest_route=\/wp\/v2\/pages\/8267","targetHints":{"allow":["GET"]}}],"collection":[{"href":"https:\/\/2l-a-velo.com\/index.php?rest_route=\/wp\/v2\/pages"}],"about":[{"href":"https:\/\/2l-a-velo.com\/index.php?rest_route=\/wp\/v2\/types\/page"}],"author":[{"embeddable":true,"href":"https:\/\/2l-a-velo.com\/index.php?rest_route=\/wp\/v2\/users\/1"}],"replies":[{"embeddable":true,"href":"https:\/\/2l-a-velo.com\/index.php?rest_route=%2Fwp%2Fv2%2Fcomments&post=8267"}],"version-history":[{"count":40,"href":"https:\/\/2l-a-velo.com\/index.php?rest_route=\/wp\/v2\/pages\/8267\/revisions"}],"predecessor-version":[{"id":8336,"href":"https:\/\/2l-a-velo.com\/index.php?rest_route=\/wp\/v2\/pages\/8267\/revisions\/8336"}],"up":[{"embeddable":true,"href":"https:\/\/2l-a-velo.com\/index.php?rest_route=\/wp\/v2\/pages\/8034"}],"wp:attachment":[{"href":"https:\/\/2l-a-velo.com\/index.php?rest_route=%2Fwp%2Fv2%2Fmedia&parent=8267"}],"curies":[{"name":"wp","href":"https:\/\/api.w.org\/{rel}","templated":true}]}}